{"id":3722,"date":"2026-04-20T08:40:02","date_gmt":"2026-04-20T06:40:02","guid":{"rendered":"https:\/\/laboratoria.red\/?post_type=tribe_events&#038;p=3722"},"modified":"2026-04-22T21:55:47","modified_gmt":"2026-04-22T19:55:47","slug":"sostener-a-quien-protege-es-justicia","status":"publish","type":"tribe_events","link":"https:\/\/laboratoria.red\/pt-br\/actividad\/sostener-a-quien-protege-es-justicia\/","title":{"rendered":"Sostener a quien protege, es justicia"},"content":{"rendered":"<h2><span style=\"color: #ff1764;\">Goteo para sostener la defensa jur\u00eddica de Madres Protectoras<\/span><\/h2>\n<p>Esta campa\u00f1a es la historia y el presente de una lucha que comienza el d\u00eda en que tu vida estalla en mil pedazos. La de tus criaturas ya lo hab\u00eda hecho antes, pero la tuya implosiona en el momento en que tomas conciencia. El d\u00eda en que tus hijas te revelan que su padre las toca ah\u00ed debajo o los m\u00e9dicos te explican el origen de esa vaginitis permanente: las se\u00f1ales previas que no hab\u00edas podido interpretar se conectan y ya no hay marcha atr\u00e1s.<\/p>\n<p>Nuestras madres callaron, las madres de nuestras madres tambi\u00e9n lo hicieron. Nosotras no. Denunciamos\u2026 y nos adentramos en un infierno a\u00fan mayor. Pronto comprendemos que no nos enfrentamos solo al agresor de nuestras hijas. Su padre no es solo su padre. Es el Padre, la encarnaci\u00f3n del pater familias, esa figura sost\u00e9n de todo un orden social que el sistema judicial protege a toda costa. As\u00ed, cuando la violencia institucional se descarga sobre nosotras, tenemos que elegir. Y elegimos seguir adelante. Elegimos no callar. Nos convertimos en madres protectoras.<\/p>\n<p>Este viernes 24 de abril lanzamos una campa\u00f1a de crowdfunding con goteo para sostener esta lucha: recaudar fondos que permitan a cuatro madres afrontar los costes judiciales de defender a sus hijas e hijos.<\/p>\n<p>Arrancamos la campa\u00f1a adem\u00e1s celebrando el d\u00eda 25 de abril, en La Villana, una actividad donde se presentar\u00e1 un fragmento de la obra Arrancamiento de Pamela Palenciano. Y cerraremos en junio con un acto colectivo, junto a mujeres que tambi\u00e9n luchan por hacer memoria y reparar a las v\u00edctimas del Patronato de Protecci\u00f3n a la Mujer.<\/p>\n<h4><strong>Necesitamos reunir 30.000 euros.<\/strong><br \/>\n<strong>Para sostener esta lucha.<\/strong><br \/>\n<strong>Para que decir la verdad no tenga un precio imposible.<\/strong><br \/>\n<strong>Para que proteger no sea castigado.<\/strong><\/h4>\n<p>Ay\u00fadanos colaborando en el goteo, difundiendo entre tu gente querida o caudiendo nuestros actos. Para que la voz de las madres protectoras llegue lejos.<\/p>\n<h3><span style=\"color: #ff1764;\"><strong>Ven, difunde, aporta.<\/strong><\/span><br \/>\n<span style=\"color: #ff1764;\">\u00a1Sostener a quien protege es justicia!<\/span><\/h3>\n","protected":false},"excerpt":{"rendered":"<p>El S\u00c1BADO 25 DE ABRIL a las 12:00h. presentamos en LA VILLANA de Vallekas (local accesible) un fondo de resistencia en Goteo para sostener la defensa jur\u00eddica de MADRES PROTECTORAS.<\/p>\n","protected":false},"author":5,"featured_media":3723,"template":"","meta":{"_tribe_events_status":"","_tribe_events_status_reason":"","footnotes":""},"tags":[],"tribe_events_cat":[],"class_list":["post-3722","tribe_events","type-tribe_events","status-publish","has-post-thumbnail","hentry"],"_links":{"self":[{"href":"https:\/\/laboratoria.red\/pt-br\/wp-json\/wp\/v2\/tribe_events\/3722","targetHints":{"allow":["GET"]}}],"collection":[{"href":"https:\/\/laboratoria.red\/pt-br\/wp-json\/wp\/v2\/tribe_events"}],"about":[{"href":"https:\/\/laboratoria.red\/pt-br\/wp-json\/wp\/v2\/types\/tribe_events"}],"author":[{"embeddable":true,"href":"https:\/\/laboratoria.red\/pt-br\/wp-json\/wp\/v2\/users\/5"}],"version-history":[{"count":4,"href":"https:\/\/laboratoria.red\/pt-br\/wp-json\/wp\/v2\/tribe_events\/3722\/revisions"}],"predecessor-version":[{"id":3729,"href":"https:\/\/laboratoria.red\/pt-br\/wp-json\/wp\/v2\/tribe_events\/3722\/revisions\/3729"}],"wp:featuredmedia":[{"embeddable":true,"href":"https:\/\/laboratoria.red\/pt-br\/wp-json\/wp\/v2\/media\/3723"}],"wp:attachment":[{"href":"https:\/\/laboratoria.red\/pt-br\/wp-json\/wp\/v2\/media?parent=3722"}],"wp:term":[{"taxonomy":"post_tag","embeddable":true,"href":"https:\/\/laboratoria.red\/pt-br\/wp-json\/wp\/v2\/tags?post=3722"},{"taxonomy":"tribe_events_cat","embeddable":true,"href":"https:\/\/laboratoria.red\/pt-br\/wp-json\/wp\/v2\/tribe_events_cat?post=3722"}],"curies":[{"name":"wp","href":"https:\/\/api.w.org\/{rel}","templated":true}]}}

<h2><span style="color: #ff1764;">Goteo para sostener la defensa jurídica de Madres Protectoras</span></h2>
<p>Esta campaña es la historia y el presente de una lucha que comienza el día en que tu vida estalla en mil pedazos. La de tus criaturas ya lo había hecho antes, pero la tuya implosiona en el momento en que tomas conciencia. El día en que tus hijas te revelan que su padre las toca ahí debajo o los médicos te explican el origen de esa vaginitis permanente: las señales previas que no habías podido interpretar se conectan y ya no hay marcha atrás.</p>
<p>Nuestras madres callaron, las madres de nuestras madres también lo hicieron. Nosotras no. Denunciamos… y nos adentramos en un infierno aún mayor. Pronto comprendemos que no nos enfrentamos solo al agresor de nuestras hijas. Su padre no es solo su padre. Es el Padre, la encarnación del pater familias, esa figura sostén de todo un orden social que el sistema judicial protege a toda costa. Así, cuando la violencia institucional se descarga sobre nosotras, tenemos que elegir. Y elegimos seguir adelante. Elegimos no callar. Nos convertimos en madres protectoras.</p>
<p>Este viernes 24 de abril lanzamos una campaña de crowdfunding con goteo para sostener esta lucha: recaudar fondos que permitan a cuatro madres afrontar los costes judiciales de defender a sus hijas e hijos.</p>
<p>Arrancamos la campaña además celebrando el día 25 de abril, en La Villana, una actividad donde se presentará un fragmento de la obra Arrancamiento de Pamela Palenciano. Y cerraremos en junio con un acto colectivo, junto a mujeres que también luchan por hacer memoria y reparar a las víctimas del Patronato de Protección a la Mujer.</p>
<h4><strong>Necesitamos reunir 30.000 euros.</strong><br />
<strong>Para sostener esta lucha.</strong><br />
<strong>Para que decir la verdad no tenga un precio imposible.</strong><br />
<strong>Para que proteger no sea castigado.</strong></h4>
<p>Ayúdanos colaborando en el goteo, difundiendo entre tu gente querida o caudiendo nuestros actos. Para que la voz de las madres protectoras llegue lejos.</p>
<h3><span style="color: #ff1764;"><strong>Ven, difunde, aporta.</strong></span><br />
<span style="color: #ff1764;">¡Sostener a quien protege es justicia!</span></h3>

<p>El SÁBADO 25 DE ABRIL a las 12:00h. presentamos en LA VILLANA de Vallekas (local accesible) un fondo de resistencia en Goteo para sostener la defensa jurídica de MADRES PROTECTORAS.</p>
