{"id":3037,"date":"2025-01-12T23:55:23","date_gmt":"2025-01-12T22:55:23","guid":{"rendered":"https:\/\/tallertraficantes.net\/laboratoria\/?post_type=tribe_events&#038;p=3037"},"modified":"2025-01-16T19:14:27","modified_gmt":"2025-01-16T18:14:27","slug":"conspirar-escuelita-de-formacion-politica-en-el-puerto-de-santa-maria","status":"publish","type":"tribe_events","link":"https:\/\/laboratoria.red\/pt-br\/actividad\/conspirar-escuelita-de-formacion-politica-en-el-puerto-de-santa-maria\/","title":{"rendered":"Conspirar. Escuelita de Formaci\u00f3n Pol\u00edtica en el Puerto de Santa Mar\u00eda"},"content":{"rendered":"<p>La Escuelita es una propuesta desde la educaci\u00f3n popular para que todas aprendamos de todas con un horizonte: formarnos pol\u00edticamente para intervenir en nuestra vida en comunidad. Trataremos temas como los cuidados, las violencias machistas, el cambio clim\u00e1tico, la turistificaci\u00f3n o la guerra. Se propondr\u00e1 la lectura de algunos textos para quienes tengan tiempo para leerlos, pero el foco ser\u00e1n nuestras propias experiencias y contradicciones.<\/p>\n<p><strong>Lugar:<\/strong> sede de Ecologistas en Acci\u00f3n en El Puerto de Santa Mar\u00eda (C\/Misericordia, 31)<br \/>\n<strong>D\u00eda:<\/strong> \u00faltimo s\u00e1bado de cada mes, de 11:30 a 13:30<br \/>\n<strong>Inicio:<\/strong> S\u00e1bado 25 de enero<\/p>\n<p>La actividad no tiene coste econ\u00f3mico, pero es necesario inscribirse, escribiendo al mail: nazaretcastro@gmail.com, colocando en el Asunto: \u201cESCUELITA\u201d. Tambi\u00e9n pod\u00e9is escribir para solicitar informaci\u00f3n y la programaci\u00f3n completa de 2025.<\/p>\n<p><strong>Facilita:<\/strong> Nazaret Castro Buz\u00f3n (La Laboratoria, Ecologistas en Acci\u00f3n El Puerto)<\/p>\n<div aria-live=\"assertive\"><\/div>\n<hr style=\"color: #e91e63;\" \/>\n<div aria-live=\"assertive\"><\/div>\n<div aria-live=\"assertive\">\n<div id=\"magicdomid15\" class=\"ace-line\" aria-live=\"assertive\">\n<h2>METODOLOG\u00cdA<\/h2>\n<\/div>\n<div id=\"magicdomid24\" class=\"ace-line\" aria-live=\"assertive\">\n<p>Cada semana abordaremos un tema que tiene que ver directamente con dilemas que aparecen en nuestro activismo cotidiano. Se propondr\u00e1 la lectura de algunos textos para quienes tengan tiempo para leerlos, pero el foco ser\u00e1n nuestras propias experiencias y contradicciones.<\/p>\n<\/div>\n<div aria-live=\"assertive\"><\/div>\n<hr style=\"color: #e91e63;\" \/>\n<div aria-live=\"assertive\"><\/div>\n<div aria-live=\"assertive\">\n<div id=\"magicdomid15\" class=\"ace-line\" aria-live=\"assertive\">\n<h2>PROGRAMA ORIENTATIVO<\/h2>\n<p>(sujeto a cambios, seg\u00fan lo vayamos decidiendo entre todas)<\/p>\n<\/div>\n<div id=\"magicdomid17\" class=\"ace-line\" aria-live=\"assertive\"><span style=\"color: #e91e63;\"><b>ENERO. <\/b><\/span>Esa violencia que no es una. Con los textos de La Laboratoria y la experiencia en las c\u00e1rceles de la Asamblea Feminista Las Tres Rosas.<\/div>\n<div aria-live=\"assertive\"><\/div>\n<div id=\"magicdomid17\" class=\"ace-line\" aria-live=\"assertive\"><span style=\"color: #e91e63;\"><b>FEBRERO. <\/b><\/span>Animar en los hombres el deseo de cambiar. C\u00f3mo combatir las masculinidades t\u00f3xicas desde el movimiento social, hacia dentro y hacia fuera de nuestros colectivos. Textos de bell hooks.<\/div>\n<div aria-live=\"assertive\"><\/div>\n<div id=\"magicdomid17\" class=\"ace-line\" aria-live=\"assertive\"><span style=\"color: #e91e63;\"><b>MARZO. <\/b><\/span>Notas sobre el hambre, de Helena Silvestre. Sobre c\u00f3mo nos atraviesa la colonialidad y sobre c\u00f3mo contar nuestras propias historias nos libra del peligro de la historia \u00fanica.<\/div>\n<div aria-live=\"assertive\"><\/div>\n<div id=\"magicdomid17\" class=\"ace-line\" aria-live=\"assertive\"><span style=\"color: #e91e63;\"><b>ABRIL. <\/b><\/span>Azuzar la imaginaci\u00f3n en tiempos apocal\u00edpticos. Ciencia ficci\u00f3n para imaginar mundos m\u00e1s all\u00e1 de la dictadura capitalista. Con textos de Octavia Butler.<\/div>\n<div aria-live=\"assertive\"><\/div>\n<div id=\"magicdomid17\" class=\"ace-line\" aria-live=\"assertive\"><span style=\"color: #e91e63;\"><b>MAYO. <\/b><\/span>Reencantar el mundo. Recuperar la conexi\u00f3n con la tierra, reconectar con la magia a trav\u00e9s de los lenguajes simb\u00f3licos de la astrolog\u00eda y el tarot. Textos de Carlos de Castro (teor\u00eda Gaia), Silvia Federici, C. Merchant y Jos\u00e9 A. Mill\u00e1n.<\/div>\n<div aria-live=\"assertive\"><\/div>\n<div id=\"magicdomid17\" class=\"ace-line\" aria-live=\"assertive\"><span style=\"color: #e91e63;\"><b>JUNIO. <\/b><\/span>El malestar de la turistificaci\u00f3n. Textos de Ernest Ca\u00f1ada y reportaje del anuario de Carro de Combate.<\/div>\n<div aria-live=\"assertive\"><\/div>\n<div id=\"magicdomid17\" class=\"ace-line\" aria-live=\"assertive\"><span style=\"color: #e91e63;\"><b>SEPTIEMBRE. <\/b><\/span>La maternidad y los cuidados. Con textos de Adrienne Rich y Marta Malo.<\/div>\n<div aria-live=\"assertive\"><\/div>\n<div id=\"magicdomid17\" class=\"ace-line\" aria-live=\"assertive\"><span style=\"color: #e91e63;\"><b>OCTUBRE. <\/b><\/span>Palestina y la guerra como horizonte neoliberal: el devenir negro del mundo. Con textos de Achille Mbembe.<\/div>\n<div aria-live=\"assertive\"><\/div>\n<div id=\"magicdomid17\" class=\"ace-line\" aria-live=\"assertive\"><span style=\"color: #e91e63;\"><b>NOVIEMBRE. <\/b><\/span>Dana, cat\u00e1strofes, cambio clim\u00e1tico y solidaridad. Textos de Yayo Herrero (\u2018Toma de tierra\u2019) y de Rebeca Solnit (\u2018Un para\u00edso en el infierno\u2019).<\/div>\n<div aria-live=\"assertive\"><\/div>\n<div id=\"magicdomid17\" class=\"ace-line\" aria-live=\"assertive\"><span style=\"color: #e91e63;\"><b>DICIEMBRE. <\/b><\/span>La puta del pueblo, con Mar\u00eda Jos\u00e9 Barrera.<\/div>\n<\/div>\n<\/div>\n<div aria-live=\"assertive\"><\/div>\n<hr style=\"color: #e91e63;\" \/>\n<div aria-live=\"assertive\"><\/div>\n<div aria-live=\"assertive\">\n<div id=\"magicdomid15\" class=\"ace-line\" aria-live=\"assertive\">\n<h2>TALLERES<\/h2>\n<\/div>\n<p>Adicionalmente, si hay inter\u00e9s por parte del grupo, se propondr\u00e1n dos talleres a lo largo del a\u00f1o:<\/p>\n<div id=\"magicdomid17\" class=\"ace-line\" aria-live=\"assertive\"><span style=\"color: #e91e63;\"><b>PRIMAVERA. <\/b><\/span>Taller de comunicaci\u00f3n popular. Herramientas para fortalecer nuestra capacidad de comunicar.<\/div>\n<div aria-live=\"assertive\"><\/div>\n<div id=\"magicdomid17\" class=\"ace-line\" aria-live=\"assertive\">\n<p><span style=\"color: #e91e63;\"><span style=\"color: #e91e63;\"><b>OTO\u00d1O. <\/b><\/span><\/span>Taller de escritura. La importancia de contar nuestras historias en primera persona.<\/p>\n<div id=\"magicdomid24\" class=\"ace-line\" aria-live=\"assertive\">\n<p>&nbsp;<\/p>\n<\/div>\n<\/div>\n<\/div>\n","protected":false},"excerpt":{"rendered":"<p>La Escuelita es una propuesta desde la educaci\u00f3n popular para [&hellip;]<\/p>\n","protected":false},"author":5,"featured_media":3048,"template":"","meta":{"_tribe_events_status":"","_tribe_events_status_reason":"","footnotes":""},"tags":[],"tribe_events_cat":[23],"class_list":["post-3037","tribe_events","type-tribe_events","status-publish","has-post-thumbnail","hentry","tribe_events_cat-proximos-eventos","cat_proximos-eventos"],"_links":{"self":[{"href":"https:\/\/laboratoria.red\/pt-br\/wp-json\/wp\/v2\/tribe_events\/3037","targetHints":{"allow":["GET"]}}],"collection":[{"href":"https:\/\/laboratoria.red\/pt-br\/wp-json\/wp\/v2\/tribe_events"}],"about":[{"href":"https:\/\/laboratoria.red\/pt-br\/wp-json\/wp\/v2\/types\/tribe_events"}],"author":[{"embeddable":true,"href":"https:\/\/laboratoria.red\/pt-br\/wp-json\/wp\/v2\/users\/5"}],"version-history":[{"count":2,"href":"https:\/\/laboratoria.red\/pt-br\/wp-json\/wp\/v2\/tribe_events\/3037\/revisions"}],"predecessor-version":[{"id":3055,"href":"https:\/\/laboratoria.red\/pt-br\/wp-json\/wp\/v2\/tribe_events\/3037\/revisions\/3055"}],"wp:featuredmedia":[{"embeddable":true,"href":"https:\/\/laboratoria.red\/pt-br\/wp-json\/wp\/v2\/media\/3048"}],"wp:attachment":[{"href":"https:\/\/laboratoria.red\/pt-br\/wp-json\/wp\/v2\/media?parent=3037"}],"wp:term":[{"taxonomy":"post_tag","embeddable":true,"href":"https:\/\/laboratoria.red\/pt-br\/wp-json\/wp\/v2\/tags?post=3037"},{"taxonomy":"tribe_events_cat","embeddable":true,"href":"https:\/\/laboratoria.red\/pt-br\/wp-json\/wp\/v2\/tribe_events_cat?post=3037"}],"curies":[{"name":"wp","href":"https:\/\/api.w.org\/{rel}","templated":true}]}}

Conspirar. Escuelita de Formación Política en el Puerto de Santa María

<p>La Escuelita es una propuesta desde la educación popular para que todas aprendamos de todas con un horizonte: formarnos políticamente para intervenir en nuestra vida en comunidad. Trataremos temas como los cuidados, las violencias machistas, el cambio climático, la turistificación o la guerra. Se propondrá la lectura de algunos textos para quienes tengan tiempo para leerlos, pero el foco serán nuestras propias experiencias y contradicciones.</p>
<p><strong>Lugar:</strong> sede de Ecologistas en Acción en El Puerto de Santa María (C/Misericordia, 31)<br />
<strong>Día:</strong> último sábado de cada mes, de 11:30 a 13:30<br />
<strong>Inicio:</strong> Sábado 25 de enero</p>
<p>La actividad no tiene coste económico, pero es necesario inscribirse, escribiendo al mail: nazaretcastro@gmail.com, colocando en el Asunto: “ESCUELITA”. También podéis escribir para solicitar información y la programación completa de 2025.</p>
<p><strong>Facilita:</strong> Nazaret Castro Buzón (La Laboratoria, Ecologistas en Acción El Puerto)</p>
<div aria-live="assertive"></div>
<hr style="color: #e91e63;" />
<div aria-live="assertive"></div>
<div aria-live="assertive">
<div id="magicdomid15" class="ace-line" aria-live="assertive">
<h2>METODOLOGÍA</h2>
</div>
<div id="magicdomid24" class="ace-line" aria-live="assertive">
<p>Cada semana abordaremos un tema que tiene que ver directamente con dilemas que aparecen en nuestro activismo cotidiano. Se propondrá la lectura de algunos textos para quienes tengan tiempo para leerlos, pero el foco serán nuestras propias experiencias y contradicciones.</p>
</div>
<div aria-live="assertive"></div>
<hr style="color: #e91e63;" />
<div aria-live="assertive"></div>
<div aria-live="assertive">
<div id="magicdomid15" class="ace-line" aria-live="assertive">
<h2>PROGRAMA ORIENTATIVO</h2>
<p>(sujeto a cambios, según lo vayamos decidiendo entre todas)</p>
</div>
<div id="magicdomid17" class="ace-line" aria-live="assertive"><span style="color: #e91e63;"><b>ENERO. </b></span>Esa violencia que no es una. Con los textos de La Laboratoria y la experiencia en las cárceles de la Asamblea Feminista Las Tres Rosas.</div>
<div aria-live="assertive"></div>
<div id="magicdomid17" class="ace-line" aria-live="assertive"><span style="color: #e91e63;"><b>FEBRERO. </b></span>Animar en los hombres el deseo de cambiar. Cómo combatir las masculinidades tóxicas desde el movimiento social, hacia dentro y hacia fuera de nuestros colectivos. Textos de bell hooks.</div>
<div aria-live="assertive"></div>
<div id="magicdomid17" class="ace-line" aria-live="assertive"><span style="color: #e91e63;"><b>MARZO. </b></span>Notas sobre el hambre, de Helena Silvestre. Sobre cómo nos atraviesa la colonialidad y sobre cómo contar nuestras propias historias nos libra del peligro de la historia única.</div>
<div aria-live="assertive"></div>
<div id="magicdomid17" class="ace-line" aria-live="assertive"><span style="color: #e91e63;"><b>ABRIL. </b></span>Azuzar la imaginación en tiempos apocalípticos. Ciencia ficción para imaginar mundos más allá de la dictadura capitalista. Con textos de Octavia Butler.</div>
<div aria-live="assertive"></div>
<div id="magicdomid17" class="ace-line" aria-live="assertive"><span style="color: #e91e63;"><b>MAYO. </b></span>Reencantar el mundo. Recuperar la conexión con la tierra, reconectar con la magia a través de los lenguajes simbólicos de la astrología y el tarot. Textos de Carlos de Castro (teoría Gaia), Silvia Federici, C. Merchant y José A. Millán.</div>
<div aria-live="assertive"></div>
<div id="magicdomid17" class="ace-line" aria-live="assertive"><span style="color: #e91e63;"><b>JUNIO. </b></span>El malestar de la turistificación. Textos de Ernest Cañada y reportaje del anuario de Carro de Combate.</div>
<div aria-live="assertive"></div>
<div id="magicdomid17" class="ace-line" aria-live="assertive"><span style="color: #e91e63;"><b>SEPTIEMBRE. </b></span>La maternidad y los cuidados. Con textos de Adrienne Rich y Marta Malo.</div>
<div aria-live="assertive"></div>
<div id="magicdomid17" class="ace-line" aria-live="assertive"><span style="color: #e91e63;"><b>OCTUBRE. </b></span>Palestina y la guerra como horizonte neoliberal: el devenir negro del mundo. Con textos de Achille Mbembe.</div>
<div aria-live="assertive"></div>
<div id="magicdomid17" class="ace-line" aria-live="assertive"><span style="color: #e91e63;"><b>NOVIEMBRE. </b></span>Dana, catástrofes, cambio climático y solidaridad. Textos de Yayo Herrero (‘Toma de tierra’) y de Rebeca Solnit (‘Un paraíso en el infierno’).</div>
<div aria-live="assertive"></div>
<div id="magicdomid17" class="ace-line" aria-live="assertive"><span style="color: #e91e63;"><b>DICIEMBRE. </b></span>La puta del pueblo, con María José Barrera.</div>
</div>
</div>
<div aria-live="assertive"></div>
<hr style="color: #e91e63;" />
<div aria-live="assertive"></div>
<div aria-live="assertive">
<div id="magicdomid15" class="ace-line" aria-live="assertive">
<h2>TALLERES</h2>
</div>
<p>Adicionalmente, si hay interés por parte del grupo, se propondrán dos talleres a lo largo del año:</p>
<div id="magicdomid17" class="ace-line" aria-live="assertive"><span style="color: #e91e63;"><b>PRIMAVERA. </b></span>Taller de comunicación popular. Herramientas para fortalecer nuestra capacidad de comunicar.</div>
<div aria-live="assertive"></div>
<div id="magicdomid17" class="ace-line" aria-live="assertive">
<p><span style="color: #e91e63;"><span style="color: #e91e63;"><b>OTOÑO. </b></span></span>Taller de escritura. La importancia de contar nuestras historias en primera persona.</p>
<div id="magicdomid24" class="ace-line" aria-live="assertive">
<p>&nbsp;</p>
</div>
</div>
</div>

<p>La Escuelita es una propuesta desde la educación popular para [&hellip;]</p>
