{"id":1432,"date":"2021-11-01T10:14:34","date_gmt":"2021-11-01T09:14:34","guid":{"rendered":"https:\/\/tallertraficantes.net\/laboratoria\/?post_type=tribe_events&#038;p=1432"},"modified":"2021-11-01T10:14:34","modified_gmt":"2021-11-01T09:14:34","slug":"presentacion-de-hasta-que-caiga-el-patriarcado-y-no-haya-ni-un-desahucio-mas","status":"publish","type":"tribe_events","link":"https:\/\/laboratoria.red\/pt-br\/actividad\/presentacion-de-hasta-que-caiga-el-patriarcado-y-no-haya-ni-un-desahucio-mas\/","title":{"rendered":"Presentaci\u00f3n de \u00abHasta que caiga el patriarcado y no haya ni un desahucio m\u00e1s\u00bb"},"content":{"rendered":"<p>El segundo cuaderno de la serie sobre feminismo sindicalista cuenta la historia de las \u00faltimas etapas de la crisis global del derecho a la vivienda en Espa\u00f1a contadas desde las vidas concretas de sus protagonistas improbables, las mujeres que buscaron en la organizaci\u00f3n popular una manera de desafiar el destino dise\u00f1ado para ellas por el gran capital. A trav\u00e9s de sus experiencias, las integrantes del grupo de las mujeres del nodo vallecano de la Plataforma de Afectad@s por la Hipoteca (PAH Vallekas) nos ense\u00f1an la manera en la que han entendido la violencia de los mercados financieros e inmobiliarios como \u00edntimamente ligada con la violencia machista y patriarcal.<\/p>\n<p>En la presentaci\u00f3n las autoras del telar narrativo Myrian Espinoza Minda y Lotta Meri Pirita Tenhunen, junto a lx ilustradorx del cuaderno Coco Guzm\u00e1n, entablar\u00e1n una conversaci\u00f3n con las compa\u00f1eras argentinas Luci Cavallero, del Grupo de Investigaci\u00f3n-Intervenci\u00f3n Feminista, y Lourdes Patxi, de la Asamblea Feminista de Villa 31-31bis.<\/p>\n<p>El cuaderno ha sido creado el apoyo de la Foundation For Arts Initiatives y de la Fundaci\u00f3n Rosa Luxemburg.<\/p>\n<p>&nbsp;<\/p>\n<p>&nbsp;<\/p>\n<p>&nbsp;<\/p>\n<p><strong>Lugar:<\/strong> Traficantes de sue\u00f1os. c\/ Duque de Alba 13. Madrid<\/p>\n<p><strong>Organiza:<\/strong> La Laboratoria<\/p>\n","protected":false},"excerpt":{"rendered":"<p>El segundo cuaderno de la serie sobre feminismo sindicalista cuenta [&hellip;]<\/p>\n","protected":false},"author":2,"featured_media":1433,"template":"","meta":{"_tribe_events_status":"","_tribe_events_status_reason":"","footnotes":""},"tags":[],"tribe_events_cat":[],"class_list":["post-1432","tribe_events","type-tribe_events","status-publish","has-post-thumbnail","hentry"],"_links":{"self":[{"href":"https:\/\/laboratoria.red\/pt-br\/wp-json\/wp\/v2\/tribe_events\/1432","targetHints":{"allow":["GET"]}}],"collection":[{"href":"https:\/\/laboratoria.red\/pt-br\/wp-json\/wp\/v2\/tribe_events"}],"about":[{"href":"https:\/\/laboratoria.red\/pt-br\/wp-json\/wp\/v2\/types\/tribe_events"}],"author":[{"embeddable":true,"href":"https:\/\/laboratoria.red\/pt-br\/wp-json\/wp\/v2\/users\/2"}],"version-history":[{"count":2,"href":"https:\/\/laboratoria.red\/pt-br\/wp-json\/wp\/v2\/tribe_events\/1432\/revisions"}],"predecessor-version":[{"id":1435,"href":"https:\/\/laboratoria.red\/pt-br\/wp-json\/wp\/v2\/tribe_events\/1432\/revisions\/1435"}],"wp:featuredmedia":[{"embeddable":true,"href":"https:\/\/laboratoria.red\/pt-br\/wp-json\/wp\/v2\/media\/1433"}],"wp:attachment":[{"href":"https:\/\/laboratoria.red\/pt-br\/wp-json\/wp\/v2\/media?parent=1432"}],"wp:term":[{"taxonomy":"post_tag","embeddable":true,"href":"https:\/\/laboratoria.red\/pt-br\/wp-json\/wp\/v2\/tags?post=1432"},{"taxonomy":"tribe_events_cat","embeddable":true,"href":"https:\/\/laboratoria.red\/pt-br\/wp-json\/wp\/v2\/tribe_events_cat?post=1432"}],"curies":[{"name":"wp","href":"https:\/\/api.w.org\/{rel}","templated":true}]}}

Presentación de «Hasta que caiga el patriarcado y no haya ni un desahucio más»

<p>El segundo cuaderno de la serie sobre feminismo sindicalista cuenta la historia de las últimas etapas de la crisis global del derecho a la vivienda en España contadas desde las vidas concretas de sus protagonistas improbables, las mujeres que buscaron en la organización popular una manera de desafiar el destino diseñado para ellas por el gran capital. A través de sus experiencias, las integrantes del grupo de las mujeres del nodo vallecano de la Plataforma de Afectad@s por la Hipoteca (PAH Vallekas) nos enseñan la manera en la que han entendido la violencia de los mercados financieros e inmobiliarios como íntimamente ligada con la violencia machista y patriarcal.</p>
<p>En la presentación las autoras del telar narrativo Myrian Espinoza Minda y Lotta Meri Pirita Tenhunen, junto a lx ilustradorx del cuaderno Coco Guzmán, entablarán una conversación con las compañeras argentinas Luci Cavallero, del Grupo de Investigación-Intervención Feminista, y Lourdes Patxi, de la Asamblea Feminista de Villa 31-31bis.</p>
<p>El cuaderno ha sido creado el apoyo de la Foundation For Arts Initiatives y de la Fundación Rosa Luxemburg.</p>
<p>&nbsp;</p>
<p>&nbsp;</p>
<p>&nbsp;</p>
<p><strong>Lugar:</strong> Traficantes de sueños. c/ Duque de Alba 13. Madrid</p>
<p><strong>Organiza:</strong> La Laboratoria</p>
