{"id":3376,"date":"2025-10-15T13:06:34","date_gmt":"2025-10-15T11:06:34","guid":{"rendered":"https:\/\/laboratoria.red\/?post_type=tribe_events&#038;p=3376"},"modified":"2025-10-15T13:06:34","modified_gmt":"2025-10-15T11:06:34","slug":"presentacion-de-la-puta-del-pueblo-activismo-de-puchero-contra-el-estigma","status":"publish","type":"tribe_events","link":"https:\/\/laboratoria.red\/en\/actividad\/presentacion-de-la-puta-del-pueblo-activismo-de-puchero-contra-el-estigma\/","title":{"rendered":"Presentaci\u00f3n de La Puta del Pueblo. Activismo de puchero contra el estigma"},"content":{"rendered":"<p>Este pr\u00f3ximo viernes 17 de octubre contamos con la presencia de <strong><span style=\"color: #e91e63;\">Maria Jos\u00e9 Barreras<\/span><\/strong> para presentar el sexto cuaderno de la serie <strong><span style=\"color: #e91e63;\">#FeminismosSindicalistas<\/span><\/strong>.<\/p>\n<p><strong><span style=\"color: #e91e63;\">Escribe Maria Jos\u00e9 en su pr\u00f3logo:<\/span><\/strong><\/p>\n<p>&#8220;Desde el comienzo, la idea principal era que este libro nos sirviese como herramienta para desenredar y tejer entre m\u00e1s compas y aliades (pilinguis) con otros saberes. Que este cuaderno sumara en la lucha hasta la despenalizaci\u00f3n del trabajo sexual y el reconocimiento de nuestros derechos como trabajadoras sexuales&#8221;.<\/p>\n<p>\u00abEste libro es un homenaje a todo lo que he aprendido y tambi\u00e9n es el resultado de haber utilizado esos saberes de la junti\u00f1a del feminismo inclusivo. Me ha ense\u00f1ado a valorar mis saberes y mis capacidades para seguir empujando, para abrir caminos a otras que nos har\u00e1n m\u00e1s libres a todas y tambi\u00e9n para entender los sentires que atraves\u00e9 por el estigma, por no saberme suficiente, en mi proceso de politizaci\u00f3n\u00bb.<\/p>\n<p><strong><span style=\"color: #e91e63;\">Para la conversaci\u00f3n, contaremos con conversadoras de lujo, todas compa\u00f1eras, amigas, comadres:<\/span><\/strong><\/p>\n<p>Mar\u00eda del Mar Jim\u00e9nez, de Kellys Uni\u00f3n Madrid<\/p>\n<p>Ana Pinto, de Jornaleras de Huelva en Lucha<\/p>\n<p>Aurora B\u00e1ez, de Editorial Avenate<\/p>\n<p>Carolina Meloni, fil\u00f3sofa<\/p>\n<p>Helena Silvestre, escritora favelada<\/p>\n<p>El puchero de la Villana de Vallecas<\/p>\n<p>Ser\u00e1 en <a href=\"https:\/\/lavillana.org\/\">La Villana de Vallecas<\/a><\/p>\n<p><span style=\"color: #e91e63;\"><a href=\"https:\/\/laboratoria.red\/wp-content\/uploads\/2025\/10\/libro_RL_PUTADEPUEBLO_web.pdf\">Puedes descargar el libro completo aqu\u00ed<\/a><\/span><\/p>\n","protected":false},"excerpt":{"rendered":"<p>Este pr\u00f3ximo viernes 17 de octubre contamos con la presencia [&hellip;]<\/p>\n","protected":false},"author":5,"featured_media":3391,"template":"","meta":{"_tribe_events_status":"","_tribe_events_status_reason":"","footnotes":""},"tags":[],"tribe_events_cat":[23],"class_list":["post-3376","tribe_events","type-tribe_events","status-publish","has-post-thumbnail","hentry","tribe_events_cat-proximos-eventos","cat_proximos-eventos"],"_links":{"self":[{"href":"https:\/\/laboratoria.red\/en\/wp-json\/wp\/v2\/tribe_events\/3376","targetHints":{"allow":["GET"]}}],"collection":[{"href":"https:\/\/laboratoria.red\/en\/wp-json\/wp\/v2\/tribe_events"}],"about":[{"href":"https:\/\/laboratoria.red\/en\/wp-json\/wp\/v2\/types\/tribe_events"}],"author":[{"embeddable":true,"href":"https:\/\/laboratoria.red\/en\/wp-json\/wp\/v2\/users\/5"}],"version-history":[{"count":5,"href":"https:\/\/laboratoria.red\/en\/wp-json\/wp\/v2\/tribe_events\/3376\/revisions"}],"predecessor-version":[{"id":3395,"href":"https:\/\/laboratoria.red\/en\/wp-json\/wp\/v2\/tribe_events\/3376\/revisions\/3395"}],"wp:featuredmedia":[{"embeddable":true,"href":"https:\/\/laboratoria.red\/en\/wp-json\/wp\/v2\/media\/3391"}],"wp:attachment":[{"href":"https:\/\/laboratoria.red\/en\/wp-json\/wp\/v2\/media?parent=3376"}],"wp:term":[{"taxonomy":"post_tag","embeddable":true,"href":"https:\/\/laboratoria.red\/en\/wp-json\/wp\/v2\/tags?post=3376"},{"taxonomy":"tribe_events_cat","embeddable":true,"href":"https:\/\/laboratoria.red\/en\/wp-json\/wp\/v2\/tribe_events_cat?post=3376"}],"curies":[{"name":"wp","href":"https:\/\/api.w.org\/{rel}","templated":true}]}}

Presentación de La Puta del Pueblo. Activismo de puchero contra el estigma

<p>Este próximo viernes 17 de octubre contamos con la presencia de <strong><span style="color: #e91e63;">Maria José Barreras</span></strong> para presentar el sexto cuaderno de la serie <strong><span style="color: #e91e63;">#FeminismosSindicalistas</span></strong>.</p>
<p><strong><span style="color: #e91e63;">Escribe Maria José en su prólogo:</span></strong></p>
<p>&#8220;Desde el comienzo, la idea principal era que este libro nos sirviese como herramienta para desenredar y tejer entre más compas y aliades (pilinguis) con otros saberes. Que este cuaderno sumara en la lucha hasta la despenalización del trabajo sexual y el reconocimiento de nuestros derechos como trabajadoras sexuales&#8221;.</p>
<p>«Este libro es un homenaje a todo lo que he aprendido y también es el resultado de haber utilizado esos saberes de la juntiña del feminismo inclusivo. Me ha enseñado a valorar mis saberes y mis capacidades para seguir empujando, para abrir caminos a otras que nos harán más libres a todas y también para entender los sentires que atravesé por el estigma, por no saberme suficiente, en mi proceso de politización».</p>
<p><strong><span style="color: #e91e63;">Para la conversación, contaremos con conversadoras de lujo, todas compañeras, amigas, comadres:</span></strong></p>
<p>María del Mar Jiménez, de Kellys Unión Madrid</p>
<p>Ana Pinto, de Jornaleras de Huelva en Lucha</p>
<p>Aurora Báez, de Editorial Avenate</p>
<p>Carolina Meloni, filósofa</p>
<p>Helena Silvestre, escritora favelada</p>
<p>El puchero de la Villana de Vallecas</p>
<p>Será en <a href="https://lavillana.org/">La Villana de Vallecas</a></p>
<p><span style="color: #e91e63;"><a href="https://laboratoria.red/wp-content/uploads/2025/10/libro_RL_PUTADEPUEBLO_web.pdf">Puedes descargar el libro completo aquí</a></span></p>

<p>Este próximo viernes 17 de octubre contamos con la presencia [&hellip;]</p>
