{"id":3025,"date":"2025-01-12T20:05:18","date_gmt":"2025-01-12T19:05:18","guid":{"rendered":"https:\/\/tallertraficantes.net\/laboratoria\/?post_type=tribe_events&#038;p=3025"},"modified":"2025-01-12T20:05:18","modified_gmt":"2025-01-12T19:05:18","slug":"en-la-tela-de-arana-presentacion-y-coloquio-en-torno-al-cuaderno","status":"publish","type":"tribe_events","link":"https:\/\/laboratoria.red\/en\/actividad\/en-la-tela-de-arana-presentacion-y-coloquio-en-torno-al-cuaderno\/","title":{"rendered":"En la tela de ara\u00f1a. Presentaci\u00f3n y coloquio en torno al cuaderno"},"content":{"rendered":"<p>\u00bfQu\u00e9 sucede cuando es la infancia quien sufre la violencia patriarcal? \u00bfSe escucha debidamente a las criaturas cuando refieren violencia (f\u00edsica, sexual, psicol\u00f3gica) en su familia? \u00bfC\u00f3mo interfiere el machismo, el clasismo y el racismo en esa escucha? \u00bfCu\u00e1les son los sistemas de protecci\u00f3n que existen, cu\u00e1ndo y c\u00f3mo se activan? \u00bfQu\u00e9 interpretaciones existen del inter\u00e9s superior del menor y a favor de qui\u00e9n juegan? \u00bfY qu\u00e9 tiene todo esto que ver con el feminismo y con la ofensiva reaccionaria a la que nos enfrentamos?<\/p>\n<p>Durante dos a\u00f1os, una red de madres protectoras (madres que han decidido proteger a sus criaturas frente a situaciones contrastadas de violencia paterna), han desarrollado una investigaci\u00f3n con el apoyo de La Laboratoria y de una amplia red de alianzas. A partir de diferentes estrategias situadas de investigaci\u00f3n y narraci\u00f3n, han analizado la construcci\u00f3n del S\u00edndrome de Alienaci\u00f3n Parental, que reinterpreta en los procedimientos judiciales las revelaciones infantiles de violencia paterna como recuerdos implantados por la madre para instrumentalizar a las criaturas en beneficio propio en separaciones y litigios por la custodia. Juntas han indagado en las consecuencias de la aplicaci\u00f3n de este constructo, que incluye criminalizaci\u00f3n de las madres y arrancamientos (separar a les ni\u00f1es de sus \u201cmadres alienantes\u201d y entregarles al padre, denunciado por violencia). Este proceso ha cristalizado en la publicaci\u00f3n \u00abEn la tela de ara\u00f1a. Las violencias contra la infancia y la lucha de las madres protectoras\u00bb.<\/p>\n<p>Presentar este texto es una excusa para continuar la conversaci\u00f3n y adentrarnos juntas en ese punto de colisi\u00f3n entre un patriarcado a la ofensiva y un feminismo que contin\u00faa politizando m\u00e1s y m\u00e1s \u00e1mbitos de la vida,\u00a0 desnaturalizando las violencias cotidianas y redefiniendo las l\u00edneas de lo tolerable. Eso es lo que haremos el pr\u00f3ximo viernes 24 de enero, a las 18:00 en Ca la Dona (Barcelona), acompa\u00f1adas por la Plataforma Yo S\u00ed Te Creo, autoras e ilustradoras del libro y la jurista Laia Serra.<\/p>\n<div aria-live=\"assertive\"><\/div>\n<hr style=\"color: #e91e63;\" \/>\n<div aria-live=\"assertive\"><\/div>\n<div aria-live=\"assertive\">\n<div id=\"magicdomid15\" class=\"ace-line\" aria-live=\"assertive\">\n<h2>EN LA TELA DE ARA\u00d1A<\/h2>\n<h2>Las violencias contra la infancia y la lucha de las madres protectoras<\/h2>\n<\/div>\n<div id=\"magicdomid17\" class=\"ace-line\" aria-live=\"assertive\">\n<h3><span style=\"color: #e91e63;\"><b>Viernes 24 de enero. 18:00-20:00. Presentaci\u00f3n y coloquio<\/b><br \/>\n<\/span><\/h3>\n<\/div>\n<div id=\"magicdomid24\" class=\"ace-line\" aria-live=\"assertive\">\n<p>Con la presencia de:<\/p>\n<p>Plataforma Yo S\u00ed Te Creo<\/p>\n<p>Autoras e ilustradoras del libro &#8220;En la tela de ara\u00f1a&#8221;<\/p>\n<p>Laia Serra<\/p>\n<p><strong>Lugar:<\/strong> Ca la Dona<br \/>\nCarrer Ripoll, 25<br \/>\n08002 Barcelona<br \/>\nEntrada libre hasta completar aforo<\/p>\n<div id=\"magicdomid17\" class=\"ace-line\" aria-live=\"assertive\">\n<h3><span style=\"color: #e91e63;\"><b>Descarga la publicaci\u00f3n:<\/b> <a href=\"https:\/\/tallertraficantes.net\/laboratoria\/wp-content\/uploads\/2024\/05\/RL6_Laboratoria_madresProtectoras_WEB.pdf\">VV.AA., <i>En la tela de ara\u00f1a. Las violencias contra la infancia y la lucha de las madres protectoras<\/i>, Madrid, La Laboratoria, 2025<\/a><br \/>\n<\/span><\/h3>\n<\/div>\n<\/div>\n<\/div>\n","protected":false},"excerpt":{"rendered":"<p>\u00bfQu\u00e9 sucede cuando es la infancia quien sufre la violencia [&hellip;]<\/p>\n","protected":false},"author":5,"featured_media":3032,"template":"","meta":{"_tribe_events_status":"","_tribe_events_status_reason":"","footnotes":""},"tags":[],"tribe_events_cat":[23],"class_list":["post-3025","tribe_events","type-tribe_events","status-publish","has-post-thumbnail","hentry","tribe_events_cat-proximos-eventos","cat_proximos-eventos"],"_links":{"self":[{"href":"https:\/\/laboratoria.red\/en\/wp-json\/wp\/v2\/tribe_events\/3025","targetHints":{"allow":["GET"]}}],"collection":[{"href":"https:\/\/laboratoria.red\/en\/wp-json\/wp\/v2\/tribe_events"}],"about":[{"href":"https:\/\/laboratoria.red\/en\/wp-json\/wp\/v2\/types\/tribe_events"}],"author":[{"embeddable":true,"href":"https:\/\/laboratoria.red\/en\/wp-json\/wp\/v2\/users\/5"}],"version-history":[{"count":2,"href":"https:\/\/laboratoria.red\/en\/wp-json\/wp\/v2\/tribe_events\/3025\/revisions"}],"predecessor-version":[{"id":3035,"href":"https:\/\/laboratoria.red\/en\/wp-json\/wp\/v2\/tribe_events\/3025\/revisions\/3035"}],"wp:featuredmedia":[{"embeddable":true,"href":"https:\/\/laboratoria.red\/en\/wp-json\/wp\/v2\/media\/3032"}],"wp:attachment":[{"href":"https:\/\/laboratoria.red\/en\/wp-json\/wp\/v2\/media?parent=3025"}],"wp:term":[{"taxonomy":"post_tag","embeddable":true,"href":"https:\/\/laboratoria.red\/en\/wp-json\/wp\/v2\/tags?post=3025"},{"taxonomy":"tribe_events_cat","embeddable":true,"href":"https:\/\/laboratoria.red\/en\/wp-json\/wp\/v2\/tribe_events_cat?post=3025"}],"curies":[{"name":"wp","href":"https:\/\/api.w.org\/{rel}","templated":true}]}}

En la tela de araña. Presentación y coloquio en torno al cuaderno

<p>¿Qué sucede cuando es la infancia quien sufre la violencia patriarcal? ¿Se escucha debidamente a las criaturas cuando refieren violencia (física, sexual, psicológica) en su familia? ¿Cómo interfiere el machismo, el clasismo y el racismo en esa escucha? ¿Cuáles son los sistemas de protección que existen, cuándo y cómo se activan? ¿Qué interpretaciones existen del interés superior del menor y a favor de quién juegan? ¿Y qué tiene todo esto que ver con el feminismo y con la ofensiva reaccionaria a la que nos enfrentamos?</p>
<p>Durante dos años, una red de madres protectoras (madres que han decidido proteger a sus criaturas frente a situaciones contrastadas de violencia paterna), han desarrollado una investigación con el apoyo de La Laboratoria y de una amplia red de alianzas. A partir de diferentes estrategias situadas de investigación y narración, han analizado la construcción del Síndrome de Alienación Parental, que reinterpreta en los procedimientos judiciales las revelaciones infantiles de violencia paterna como recuerdos implantados por la madre para instrumentalizar a las criaturas en beneficio propio en separaciones y litigios por la custodia. Juntas han indagado en las consecuencias de la aplicación de este constructo, que incluye criminalización de las madres y arrancamientos (separar a les niñes de sus “madres alienantes” y entregarles al padre, denunciado por violencia). Este proceso ha cristalizado en la publicación «En la tela de araña. Las violencias contra la infancia y la lucha de las madres protectoras».</p>
<p>Presentar este texto es una excusa para continuar la conversación y adentrarnos juntas en ese punto de colisión entre un patriarcado a la ofensiva y un feminismo que continúa politizando más y más ámbitos de la vida,  desnaturalizando las violencias cotidianas y redefiniendo las líneas de lo tolerable. Eso es lo que haremos el próximo viernes 24 de enero, a las 18:00 en Ca la Dona (Barcelona), acompañadas por la Plataforma Yo Sí Te Creo, autoras e ilustradoras del libro y la jurista Laia Serra.</p>
<div aria-live="assertive"></div>
<hr style="color: #e91e63;" />
<div aria-live="assertive"></div>
<div aria-live="assertive">
<div id="magicdomid15" class="ace-line" aria-live="assertive">
<h2>EN LA TELA DE ARAÑA</h2>
<h2>Las violencias contra la infancia y la lucha de las madres protectoras</h2>
</div>
<div id="magicdomid17" class="ace-line" aria-live="assertive">
<h3><span style="color: #e91e63;"><b>Viernes 24 de enero. 18:00-20:00. Presentación y coloquio</b><br />
</span></h3>
</div>
<div id="magicdomid24" class="ace-line" aria-live="assertive">
<p>Con la presencia de:</p>
<p>Plataforma Yo Sí Te Creo</p>
<p>Autoras e ilustradoras del libro &#8220;En la tela de araña&#8221;</p>
<p>Laia Serra</p>
<p><strong>Lugar:</strong> Ca la Dona<br />
Carrer Ripoll, 25<br />
08002 Barcelona<br />
Entrada libre hasta completar aforo</p>
<div id="magicdomid17" class="ace-line" aria-live="assertive">
<h3><span style="color: #e91e63;"><b>Descarga la publicación:</b> <a href="https://tallertraficantes.net/laboratoria/wp-content/uploads/2024/05/RL6_Laboratoria_madresProtectoras_WEB.pdf">VV.AA., <i>En la tela de araña. Las violencias contra la infancia y la lucha de las madres protectoras</i>, Madrid, La Laboratoria, 2025</a><br />
</span></h3>
</div>
</div>
</div>

<p>¿Qué sucede cuando es la infancia quien sufre la violencia [&hellip;]</p>
