{"id":1407,"date":"2021-10-15T09:54:02","date_gmt":"2021-10-15T07:54:02","guid":{"rendered":"https:\/\/tallertraficantes.net\/laboratoria\/?post_type=tribe_events&#038;p=1407"},"modified":"2022-02-01T21:28:22","modified_gmt":"2022-02-01T20:28:22","slug":"la-huelga-general-feminista-va-historias-de-un-proceso-en-curso","status":"publish","type":"tribe_events","link":"https:\/\/laboratoria.red\/en\/actividad\/la-huelga-general-feminista-va-historias-de-un-proceso-en-curso\/","title":{"rendered":"La huelga general feminista \u00a1VA! Historias de un proceso en curso"},"content":{"rendered":"<ol>\n<li>Pensado como una caja de herramientas para la lucha feminista transfronteriza, este libro recopila una experiencia situada que a la vez se trama en un ciclo de crisis que nos hermana en distintas latitudes.<\/li>\n<\/ol>\n<p>En este encuentro seguiremos interrogando juntas la experiencia de la huelga feminista transnacional con la compa\u00f1era Javiera Manzi, vocera de la Coordinadora Feminista 8M Chile, que entrar\u00e1 en di\u00e1logo con las activistas feministas Siham Jessica Korriche y Ruth Caravantes Vidriales.<\/p>\n<p>\u00a1La huelga feminista va!<\/p>\n<p>&nbsp;<\/p>\n<p>&nbsp;<\/p>\n<p>&nbsp;<\/p>\n<p>&nbsp;<\/p>\n<p>&nbsp;<\/p>\n<p>&nbsp;<\/p>\n<p>&nbsp;<\/p>\n<p><strong>Presentaci\u00f3n p\u00fablica, con la presencia de una de las co-autoras.<\/strong><\/p>\n<p><strong>Lugar:<\/strong> Traficantes de sue\u00f1os. c\/ Duque de Alba 13. Madrid<\/p>\n<p><strong>Organiza:<\/strong> La Laboratoria<\/p>\n","protected":false},"excerpt":{"rendered":"<p>Pensado como una caja de herramientas para la lucha feminista [&hellip;]<\/p>\n","protected":false},"author":2,"featured_media":1408,"template":"","meta":{"_tribe_events_status":"","_tribe_events_status_reason":"","footnotes":""},"tags":[],"tribe_events_cat":[],"class_list":["post-1407","tribe_events","type-tribe_events","status-publish","has-post-thumbnail","hentry"],"_links":{"self":[{"href":"https:\/\/laboratoria.red\/en\/wp-json\/wp\/v2\/tribe_events\/1407","targetHints":{"allow":["GET"]}}],"collection":[{"href":"https:\/\/laboratoria.red\/en\/wp-json\/wp\/v2\/tribe_events"}],"about":[{"href":"https:\/\/laboratoria.red\/en\/wp-json\/wp\/v2\/types\/tribe_events"}],"author":[{"embeddable":true,"href":"https:\/\/laboratoria.red\/en\/wp-json\/wp\/v2\/users\/2"}],"version-history":[{"count":7,"href":"https:\/\/laboratoria.red\/en\/wp-json\/wp\/v2\/tribe_events\/1407\/revisions"}],"predecessor-version":[{"id":1544,"href":"https:\/\/laboratoria.red\/en\/wp-json\/wp\/v2\/tribe_events\/1407\/revisions\/1544"}],"wp:featuredmedia":[{"embeddable":true,"href":"https:\/\/laboratoria.red\/en\/wp-json\/wp\/v2\/media\/1408"}],"wp:attachment":[{"href":"https:\/\/laboratoria.red\/en\/wp-json\/wp\/v2\/media?parent=1407"}],"wp:term":[{"taxonomy":"post_tag","embeddable":true,"href":"https:\/\/laboratoria.red\/en\/wp-json\/wp\/v2\/tags?post=1407"},{"taxonomy":"tribe_events_cat","embeddable":true,"href":"https:\/\/laboratoria.red\/en\/wp-json\/wp\/v2\/tribe_events_cat?post=1407"}],"curies":[{"name":"wp","href":"https:\/\/api.w.org\/{rel}","templated":true}]}}

<ol>
<li>Pensado como una caja de herramientas para la lucha feminista transfronteriza, este libro recopila una experiencia situada que a la vez se trama en un ciclo de crisis que nos hermana en distintas latitudes.</li>
</ol>
<p>En este encuentro seguiremos interrogando juntas la experiencia de la huelga feminista transnacional con la compañera Javiera Manzi, vocera de la Coordinadora Feminista 8M Chile, que entrará en diálogo con las activistas feministas Siham Jessica Korriche y Ruth Caravantes Vidriales.</p>
<p>¡La huelga feminista va!</p>
<p>&nbsp;</p>
<p>&nbsp;</p>
<p>&nbsp;</p>
<p>&nbsp;</p>
<p>&nbsp;</p>
<p>&nbsp;</p>
<p>&nbsp;</p>
<p><strong>Presentación pública, con la presencia de una de las co-autoras.</strong></p>
<p><strong>Lugar:</strong> Traficantes de sueños. c/ Duque de Alba 13. Madrid</p>
<p><strong>Organiza:</strong> La Laboratoria</p>
