{"id":1268,"date":"2021-06-23T14:59:32","date_gmt":"2021-06-23T12:59:32","guid":{"rendered":"https:\/\/tallertraficantes.net\/laboratoria\/?post_type=tribe_events&#038;p=1268"},"modified":"2022-02-01T21:27:13","modified_gmt":"2022-02-01T20:27:13","slug":"abramos-las-cancelas-brigada-de-observacion-feminista","status":"publish","type":"tribe_events","link":"https:\/\/laboratoria.red\/en\/actividad\/abramos-las-cancelas-brigada-de-observacion-feminista\/","title":{"rendered":"\u00a1Abramos las cancelas! Brigada de observaci\u00f3n feminista"},"content":{"rendered":"<h2>Las huertas de Europa. Repensar el modelo agr\u00edcola<\/h2>\n<p>Las denuncias de abuso laboral y sexual interpuestas por un grupo de jornaleras marroqu\u00edes en Huelva en 2018 interpelaron directamente a los movimientos feministas en el momento de ebullici\u00f3n de la huelga del 8M. La tibia respuesta y el escaso apoyo que recibieron, en contraposici\u00f3n con las manifestaciones masivas que desencaden\u00f3 el caso de La Manada, pusieron de manifiesto que lo que separa ciudades como Madrid o Sevilla de los campos onubenses es algo m\u00e1s que kil\u00f3metros.<\/p>\n<p>A la vez que proliferaban los debates dentro de los feminismos sobre la relaci\u00f3n entre violencia patriarcal, desposesi\u00f3n, explotaci\u00f3n y racismo, se inici\u00f3 un trabajo lento de di\u00e1logo y tejido de alianzas entre los diferentes colectivos feministas. El trabajo realizado sobre el terreno por Abogadas Sociedad Cooperativa Andaluza y por la Asociaci\u00f3n de Jornaleras de Huelva en Lucha permiti\u00f3 convertir la inquietud y el deseo abstracto de solidaridad feminista en un compromiso real.<\/p>\n<p>Siguiendo esta estela, un grupo de juristas, periodistas y realizadoras feministas formaron en mayo de 2021 la brigada de observaci\u00f3n \u00a1Abramos las cancelas! con el objetivo de documentar y visibilizar la situaci\u00f3n de trabajo y vida de muchas mujeres jornaleras, aut\u00f3ctonas y migrantes estacionales. A modo de aproximaci\u00f3n inicial, viajaron a Huelva para conocer de primera mano y analizar bajo distintas perspectivas (jur\u00eddica, period\u00edstica, sensible) los diferentes elementos que se solapan en el modelo actual de producci\u00f3n agraria: las condiciones de vida en el trabajo del campo, la precariedad de la clase jornalera, la vulnerabilidad que implica el racismo estructural y la extranjer\u00eda en el caso de las trabajadoras migrantes, as\u00ed como el papel del patriarcado y las consecuencias ecol\u00f3gicas que conlleva el modelo agroalimentario de explotaci\u00f3n intensiva tanto en Huelva como en muchos otros territorios de la Europa mediterr\u00e1nea.<\/p>\n<p><strong>Lugar:<\/strong> Museo Nacional Centro de Arte Reina Sof\u00eda (Edificio Nouvel, Auditorio 400) y Plataforma online<\/p>\n<p><strong>Entrada gratuita hasta completar aforo<\/strong>, previa retirada de entrada en taquillas o en la <a href=\"https:\/\/entradas.museoreinasofia.es\/es\" target=\"_blank\" rel=\"noopener noreferrer\">web del Museo<\/a> a partir del 27 de junio. M\u00e1ximo 1 por persona. Apertura de puertas a las 17:30 h<\/p>\n<p><strong>Aforo: <\/strong>208 personas<\/p>\n<h2><strong>Programa \/ Horario CEST<\/strong><\/h2>\n<p><strong>18:00 h<\/strong> <strong>Presentaci\u00f3n de la brigada de observaci\u00f3n feminista \u00a1Abramos las cancelas!<\/strong><br \/>\nProyecci\u00f3n de <strong>v\u00eddeo documental <\/strong>sobre la brigada realizado por quepo.org, escucha de la <strong>relator\u00eda sonora<\/strong> realizada por Isabel Cadenas Ca\u00f1\u00f3n, y debate posterior con tres de las brigadistas<br \/>\n<strong>Intervienen:<\/strong> Bego\u00f1a Lalana (jurista), Justa Montero (activista feminista) y Olga Rodr\u00edguez (periodista).<\/p>\n<p><strong>19:15 h<\/strong> Descanso<\/p>\n<p><strong>19:30 h<\/strong><strong> Las huertas de Europa<\/strong><br \/>\nConversaci\u00f3n sobre las condiciones del modelo productivo agr\u00edcola en el \u00e1mbito europeo<br \/>\n<strong>Intervienen:<\/strong> Nazaret Castro (periodista), Pastora Filigrana (Abogadas Sociedad Cooperativa Andaluza), Mariangela Paone (Terra!) y Ana Pinto (Asociaci\u00f3n de Jornaleras de Huelva en Lucha).<\/p>\n<h2><strong>Participantes<\/strong><\/h2>\n<p><strong>Nazaret Castro<\/strong> es escritora y periodista free-lance. Co-fundadora de Carro de Combate y la Revista Amazonas.<\/p>\n<p><strong>Pastora Filigrana<\/strong> trabaja en Abogadas Sociedad Cooperativa Andaluza y es activista por los derechos humanos.<\/p>\n<p>Bego\u00f1a Lalana es abogada penalista, especialista en violencia de g\u00e9nero.<\/p>\n<p><strong>Justa Montero<\/strong> es activista, experta en g\u00e9nero y pol\u00edticas de igualdad. Forma parte de la Coordinadora Feminista y la Comisi\u00f3n 8M.<\/p>\n<p><strong>Mariangela Paone<\/strong> es periodista y autora del informe E(U)xploitation. Gangmastering: The Southern Question. Italy, Spain and Greece, de la asociaci\u00f3n ambientalista Terra!.<\/p>\n<p><strong>Ana Pinto<\/strong> forma parte de la Asociaci\u00f3n de Jornaleras de Huelva en Lucha.<\/p>\n<p><strong>Olga Rodr\u00edguez<\/strong> es periodista freelance.<\/p>\n<p>&nbsp;<\/p>\n<h2>Organizan:<\/h2>\n<p><a href=\"https:\/\/www.museoreinasofia.es\/museo-red\">Museo en Red<\/a> y La Laboratoria. Espacios de investigaci\u00f3n feminista<\/p>\n<p>&nbsp;<\/p>\n<h2>Colaboran:<\/h2>\n<p><a href=\"https:\/\/abogadas.coop\/\" target=\"_blank\" rel=\"noopener noreferrer\">Abogadas Sociedad Cooperativa Andaluza<\/a>, <a href=\"https:\/\/jornalerasenlucha.org\/\" target=\"_blank\" rel=\"noopener noreferrer\">Asociaci\u00f3n de Jornaleras de Huelva en Lucha<\/a>, Open Society Initiative for Europe y Terra!<\/p>\n","protected":false},"excerpt":{"rendered":"<p>Un grupo de juristas, periodistas y realizadoras feministas formaron en mayo de 2021 la brigada de observaci\u00f3n \u00a1Abramos las cancelas! con el objetivo de documentar y visibilizar la situaci\u00f3n de trabajo y vida de muchas mujeres jornaleras, aut\u00f3ctonas y migrantes estacionales. A modo de aproximaci\u00f3n inicial, viajaron a Huelva para conocer de primera mano y analizar bajo distintas perspectivas (jur\u00eddica, period\u00edstica, sensible) los diferentes elementos que se solapan en el modelo actual de producci\u00f3n agraria: las condiciones de vida en el trabajo del campo, la precariedad de la clase jornalera, la vulnerabilidad que implica el racismo estructural y la extranjer\u00eda en el caso de las trabajadoras migrantes, as\u00ed como el papel del patriarcado y las consecuencias ecol\u00f3gicas que conlleva el modelo agroalimentario de explotaci\u00f3n intensiva tanto en Huelva como en muchos otros territorios de la Europa mediterr\u00e1nea. Esta actividad pretende dar a conocer las conclusiones de la brigada y poner estas conclusiones en conversaci\u00f3n con la situaci\u00f3n en otras zonas agr\u00edcolas europeas.<\/p>\n","protected":false},"author":2,"featured_media":1272,"template":"","meta":{"_tribe_events_status":"","_tribe_events_status_reason":"","footnotes":""},"tags":[],"tribe_events_cat":[],"class_list":["post-1268","tribe_events","type-tribe_events","status-publish","has-post-thumbnail","hentry"],"_links":{"self":[{"href":"https:\/\/laboratoria.red\/en\/wp-json\/wp\/v2\/tribe_events\/1268","targetHints":{"allow":["GET"]}}],"collection":[{"href":"https:\/\/laboratoria.red\/en\/wp-json\/wp\/v2\/tribe_events"}],"about":[{"href":"https:\/\/laboratoria.red\/en\/wp-json\/wp\/v2\/types\/tribe_events"}],"author":[{"embeddable":true,"href":"https:\/\/laboratoria.red\/en\/wp-json\/wp\/v2\/users\/2"}],"version-history":[{"count":4,"href":"https:\/\/laboratoria.red\/en\/wp-json\/wp\/v2\/tribe_events\/1268\/revisions"}],"predecessor-version":[{"id":1543,"href":"https:\/\/laboratoria.red\/en\/wp-json\/wp\/v2\/tribe_events\/1268\/revisions\/1543"}],"wp:featuredmedia":[{"embeddable":true,"href":"https:\/\/laboratoria.red\/en\/wp-json\/wp\/v2\/media\/1272"}],"wp:attachment":[{"href":"https:\/\/laboratoria.red\/en\/wp-json\/wp\/v2\/media?parent=1268"}],"wp:term":[{"taxonomy":"post_tag","embeddable":true,"href":"https:\/\/laboratoria.red\/en\/wp-json\/wp\/v2\/tags?post=1268"},{"taxonomy":"tribe_events_cat","embeddable":true,"href":"https:\/\/laboratoria.red\/en\/wp-json\/wp\/v2\/tribe_events_cat?post=1268"}],"curies":[{"name":"wp","href":"https:\/\/api.w.org\/{rel}","templated":true}]}}

¡Abramos las cancelas! Brigada de observación feminista

<h2>Las huertas de Europa. Repensar el modelo agrícola</h2>
<p>Las denuncias de abuso laboral y sexual interpuestas por un grupo de jornaleras marroquíes en Huelva en 2018 interpelaron directamente a los movimientos feministas en el momento de ebullición de la huelga del 8M. La tibia respuesta y el escaso apoyo que recibieron, en contraposición con las manifestaciones masivas que desencadenó el caso de La Manada, pusieron de manifiesto que lo que separa ciudades como Madrid o Sevilla de los campos onubenses es algo más que kilómetros.</p>
<p>A la vez que proliferaban los debates dentro de los feminismos sobre la relación entre violencia patriarcal, desposesión, explotación y racismo, se inició un trabajo lento de diálogo y tejido de alianzas entre los diferentes colectivos feministas. El trabajo realizado sobre el terreno por Abogadas Sociedad Cooperativa Andaluza y por la Asociación de Jornaleras de Huelva en Lucha permitió convertir la inquietud y el deseo abstracto de solidaridad feminista en un compromiso real.</p>
<p>Siguiendo esta estela, un grupo de juristas, periodistas y realizadoras feministas formaron en mayo de 2021 la brigada de observación ¡Abramos las cancelas! con el objetivo de documentar y visibilizar la situación de trabajo y vida de muchas mujeres jornaleras, autóctonas y migrantes estacionales. A modo de aproximación inicial, viajaron a Huelva para conocer de primera mano y analizar bajo distintas perspectivas (jurídica, periodística, sensible) los diferentes elementos que se solapan en el modelo actual de producción agraria: las condiciones de vida en el trabajo del campo, la precariedad de la clase jornalera, la vulnerabilidad que implica el racismo estructural y la extranjería en el caso de las trabajadoras migrantes, así como el papel del patriarcado y las consecuencias ecológicas que conlleva el modelo agroalimentario de explotación intensiva tanto en Huelva como en muchos otros territorios de la Europa mediterránea.</p>
<p><strong>Lugar:</strong> Museo Nacional Centro de Arte Reina Sofía (Edificio Nouvel, Auditorio 400) y Plataforma online</p>
<p><strong>Entrada gratuita hasta completar aforo</strong>, previa retirada de entrada en taquillas o en la <a href="https://entradas.museoreinasofia.es/es" target="_blank" rel="noopener noreferrer">web del Museo</a> a partir del 27 de junio. Máximo 1 por persona. Apertura de puertas a las 17:30 h</p>
<p><strong>Aforo: </strong>208 personas</p>
<h2><strong>Programa / Horario CEST</strong></h2>
<p><strong>18:00 h</strong> <strong>Presentación de la brigada de observación feminista ¡Abramos las cancelas!</strong><br />
Proyección de <strong>vídeo documental </strong>sobre la brigada realizado por quepo.org, escucha de la <strong>relatoría sonora</strong> realizada por Isabel Cadenas Cañón, y debate posterior con tres de las brigadistas<br />
<strong>Intervienen:</strong> Begoña Lalana (jurista), Justa Montero (activista feminista) y Olga Rodríguez (periodista).</p>
<p><strong>19:15 h</strong> Descanso</p>
<p><strong>19:30 h</strong><strong> Las huertas de Europa</strong><br />
Conversación sobre las condiciones del modelo productivo agrícola en el ámbito europeo<br />
<strong>Intervienen:</strong> Nazaret Castro (periodista), Pastora Filigrana (Abogadas Sociedad Cooperativa Andaluza), Mariangela Paone (Terra!) y Ana Pinto (Asociación de Jornaleras de Huelva en Lucha).</p>
<h2><strong>Participantes</strong></h2>
<p><strong>Nazaret Castro</strong> es escritora y periodista free-lance. Co-fundadora de Carro de Combate y la Revista Amazonas.</p>
<p><strong>Pastora Filigrana</strong> trabaja en Abogadas Sociedad Cooperativa Andaluza y es activista por los derechos humanos.</p>
<p>Begoña Lalana es abogada penalista, especialista en violencia de género.</p>
<p><strong>Justa Montero</strong> es activista, experta en género y políticas de igualdad. Forma parte de la Coordinadora Feminista y la Comisión 8M.</p>
<p><strong>Mariangela Paone</strong> es periodista y autora del informe E(U)xploitation. Gangmastering: The Southern Question. Italy, Spain and Greece, de la asociación ambientalista Terra!.</p>
<p><strong>Ana Pinto</strong> forma parte de la Asociación de Jornaleras de Huelva en Lucha.</p>
<p><strong>Olga Rodríguez</strong> es periodista freelance.</p>
<p>&nbsp;</p>
<h2>Organizan:</h2>
<p><a href="https://www.museoreinasofia.es/museo-red">Museo en Red</a> y La Laboratoria. Espacios de investigación feminista</p>
<p>&nbsp;</p>
<h2>Colaboran:</h2>
<p><a href="https://abogadas.coop/" target="_blank" rel="noopener noreferrer">Abogadas Sociedad Cooperativa Andaluza</a>, <a href="https://jornalerasenlucha.org/" target="_blank" rel="noopener noreferrer">Asociación de Jornaleras de Huelva en Lucha</a>, Open Society Initiative for Europe y Terra!</p>

<p>Un grupo de juristas, periodistas y realizadoras feministas formaron en mayo de 2021 la brigada de observación ¡Abramos las cancelas! con el objetivo de documentar y visibilizar la situación de trabajo y vida de muchas mujeres jornaleras, autóctonas y migrantes estacionales. A modo de aproximación inicial, viajaron a Huelva para conocer de primera mano y analizar bajo distintas perspectivas (jurídica, periodística, sensible) los diferentes elementos que se solapan en el modelo actual de producción agraria: las condiciones de vida en el trabajo del campo, la precariedad de la clase jornalera, la vulnerabilidad que implica el racismo estructural y la extranjería en el caso de las trabajadoras migrantes, así como el papel del patriarcado y las consecuencias ecológicas que conlleva el modelo agroalimentario de explotación intensiva tanto en Huelva como en muchos otros territorios de la Europa mediterránea. Esta actividad pretende dar a conocer las conclusiones de la brigada y poner estas conclusiones en conversación con la situación en otras zonas agrícolas europeas.</p>
