{"id":2496,"date":"2023-10-31T15:28:34","date_gmt":"2023-10-31T14:28:34","guid":{"rendered":"https:\/\/tallertraficantes.net\/laboratoria\/?post_type=tribe_events&#038;p=2496"},"modified":"2023-11-02T12:12:39","modified_gmt":"2023-11-02T11:12:39","slug":"de-las-casas-a-los-tajos-abramos-las-cancelas","status":"publish","type":"tribe_events","link":"http:\/\/laboratoria.red\/pt-br\/actividad\/de-las-casas-a-los-tajos-abramos-las-cancelas\/","title":{"rendered":"De las casas a los tajos: \u00a1abramos las cancelas!"},"content":{"rendered":"<p>Jornaleras de Huelva en Lucha es un referente no solo de la reivindicaci\u00f3n de los derechos de las trabajadoras del campo, sino tambi\u00e9n de las luchas feministas, antirracistas y ecologistas. En esta presentaci\u00f3n conjunta del podcast (De eso no se habla) y del libro Abramos las cancelas, escrito con La Laboratoria, pensaremos c\u00f3mo se entreteje la lucha en los tajos con el movimiento feminista, con la cuesti\u00f3n del agua y el territorio, y c\u00f3mo eso aterriza en los hogares.<\/p>\n<p>Para ello, contamos con Ana Pinto, Pili Gonz\u00e1lez, Justa Montero, Isabel Cadenas y Nazaret Castro. Te esperamos el viernes 10 de noviembre a las 18:30 en Traficantes de Sue\u00f1os (Duque de Alba, 13, Madrid).<\/p>\n<h2 style=\"padding-left: 40px;\">El libro <a href=\"https:\/\/tallertraficantes.net\/laboratoria\/publicacion\/abramos-las-cancelas-la-lucha-de-las-jornaleras-de-huelva-por-otro-modelo-de-agricultura\/\">&#8220;Abramos las cancelas. La lucha de las Jornaleras de Huelva por otro modelo de agricultura&#8221;<\/a>\u00a0est\u00e1 disponible en libre descarga.<\/h2>\n<h2 style=\"padding-left: 40px;\">El podcast puede ser escuchado <a href=\"https:\/\/deesonosehabla.com\/\">en la web de (De eso no se habla).<\/a><\/h2>\n","protected":false},"excerpt":{"rendered":"<p>Jornaleras de Huelva en Lucha es un referente no solo [&hellip;]<\/p>\n","protected":false},"author":2,"featured_media":2497,"template":"","meta":{"_tribe_events_status":"","_tribe_events_status_reason":"","footnotes":""},"tags":[],"tribe_events_cat":[23],"class_list":["post-2496","tribe_events","type-tribe_events","status-publish","has-post-thumbnail","hentry","tribe_events_cat-proximos-eventos","cat_proximos-eventos"],"_links":{"self":[{"href":"http:\/\/laboratoria.red\/pt-br\/wp-json\/wp\/v2\/tribe_events\/2496","targetHints":{"allow":["GET"]}}],"collection":[{"href":"http:\/\/laboratoria.red\/pt-br\/wp-json\/wp\/v2\/tribe_events"}],"about":[{"href":"http:\/\/laboratoria.red\/pt-br\/wp-json\/wp\/v2\/types\/tribe_events"}],"author":[{"embeddable":true,"href":"http:\/\/laboratoria.red\/pt-br\/wp-json\/wp\/v2\/users\/2"}],"version-history":[{"count":9,"href":"http:\/\/laboratoria.red\/pt-br\/wp-json\/wp\/v2\/tribe_events\/2496\/revisions"}],"predecessor-version":[{"id":2524,"href":"http:\/\/laboratoria.red\/pt-br\/wp-json\/wp\/v2\/tribe_events\/2496\/revisions\/2524"}],"wp:featuredmedia":[{"embeddable":true,"href":"http:\/\/laboratoria.red\/pt-br\/wp-json\/wp\/v2\/media\/2497"}],"wp:attachment":[{"href":"http:\/\/laboratoria.red\/pt-br\/wp-json\/wp\/v2\/media?parent=2496"}],"wp:term":[{"taxonomy":"post_tag","embeddable":true,"href":"http:\/\/laboratoria.red\/pt-br\/wp-json\/wp\/v2\/tags?post=2496"},{"taxonomy":"tribe_events_cat","embeddable":true,"href":"http:\/\/laboratoria.red\/pt-br\/wp-json\/wp\/v2\/tribe_events_cat?post=2496"}],"curies":[{"name":"wp","href":"https:\/\/api.w.org\/{rel}","templated":true}]}}

<p>Jornaleras de Huelva en Lucha es un referente no solo de la reivindicación de los derechos de las trabajadoras del campo, sino también de las luchas feministas, antirracistas y ecologistas. En esta presentación conjunta del podcast (De eso no se habla) y del libro Abramos las cancelas, escrito con La Laboratoria, pensaremos cómo se entreteje la lucha en los tajos con el movimiento feminista, con la cuestión del agua y el territorio, y cómo eso aterriza en los hogares.</p>
<p>Para ello, contamos con Ana Pinto, Pili González, Justa Montero, Isabel Cadenas y Nazaret Castro. Te esperamos el viernes 10 de noviembre a las 18:30 en Traficantes de Sueños (Duque de Alba, 13, Madrid).</p>
<h2 style="padding-left: 40px;">El libro <a href="https://tallertraficantes.net/laboratoria/publicacion/abramos-las-cancelas-la-lucha-de-las-jornaleras-de-huelva-por-otro-modelo-de-agricultura/">&#8220;Abramos las cancelas. La lucha de las Jornaleras de Huelva por otro modelo de agricultura&#8221;</a> está disponible en libre descarga.</h2>
<h2 style="padding-left: 40px;">El podcast puede ser escuchado <a href="https://deesonosehabla.com/">en la web de (De eso no se habla).</a></h2>
