{"id":1939,"date":"2022-11-17T14:35:39","date_gmt":"2022-11-17T13:35:39","guid":{"rendered":"https:\/\/tallertraficantes.net\/laboratoria\/?post_type=tribe_events&#038;p=1939"},"modified":"2022-12-23T12:17:36","modified_gmt":"2022-12-23T11:17:36","slug":"rios-buscando-su-cauce-reflexiones-feministas-desde-el-proceso-constituyente-en-chile","status":"publish","type":"tribe_events","link":"http:\/\/laboratoria.red\/pt-br\/actividad\/rios-buscando-su-cauce-reflexiones-feministas-desde-el-proceso-constituyente-en-chile\/","title":{"rendered":"Rios buscando su cauce. Reflexiones feministas desde el proceso constituyente en Chile"},"content":{"rendered":"<div class=\"xdj266r x11i5rnm xat24cr x1mh8g0r x1vvkbs x126k92a\">\n<div dir=\"auto\">En los primeros d\u00edas de diciembre, tendremos la suerte de contar en Madrid con <a class=\"x1i10hfl xjbqb8w x6umtig x1b1mbwd xaqea5y xav7gou x9f619 x1ypdohk xt0psk2 xe8uvvx xdj266r x11i5rnm xat24cr x1mh8g0r xexx8yu x4uap5 x18d9i69 xkhd6sd x16tdsg8 x1hl2dhg xggy1nq x1a2a7pz xt0b8zv x1qq9wsj xo1l8bm\" tabindex=\"0\" role=\"link\" href=\"https:\/\/www.facebook.com\/alcvidal?__cft__[0]=AZXuPaIM58Tx-5Mp3VBT2WqYNixDUJZzNNd3vCJELE5pAdawMc3KRzk4ZP3kMc2LSzY6-JE2ZsR1WSObBvwkova1ioruGI3YpuyfQRa82BhgnU37r4s7-7VPpjkJrHGVihUe3Nna1FPw6WRYLweMvBVB5J2sMWH4vWQucjaIQEta770uscGsgGPGlFa_6EQtOiLeYAfQLYdxhDgm6hpiUL25&amp;__tn__=-]K-R\"><span class=\"xt0psk2\">Alondra Carrillo Vidal<\/span><\/a>.<\/div>\n<\/div>\n<div class=\"x11i5rnm xat24cr x1mh8g0r x1vvkbs xtlvy1s x126k92a\">\n<div dir=\"auto\"><\/div>\n<div dir=\"auto\">Alondra forma parte de esa generaci\u00f3n de j\u00f3venes chilenos que se politiz\u00f3 en la llamada \u201cRevoluci\u00f3n ping\u00fcina\u201d, una movilizaci\u00f3n masiva que, en 2006, tom\u00f3 las calles y los centros de secundaria durante meses contra la privatizaci\u00f3n del sistema educativo.<\/div>\n<\/div>\n<div class=\"x11i5rnm xat24cr x1mh8g0r x1vvkbs xtlvy1s x126k92a\">\n<div dir=\"auto\"><\/div>\n<div dir=\"auto\">Es vocera de la <a class=\"x1i10hfl xjbqb8w x6umtig x1b1mbwd xaqea5y xav7gou x9f619 x1ypdohk xt0psk2 xe8uvvx xdj266r x11i5rnm xat24cr x1mh8g0r xexx8yu x4uap5 x18d9i69 xkhd6sd x16tdsg8 x1hl2dhg xggy1nq x1a2a7pz xt0b8zv x1qq9wsj xo1l8bm\" tabindex=\"0\" role=\"link\" href=\"https:\/\/www.facebook.com\/coordinadorafeminista8M?__cft__[0]=AZXuPaIM58Tx-5Mp3VBT2WqYNixDUJZzNNd3vCJELE5pAdawMc3KRzk4ZP3kMc2LSzY6-JE2ZsR1WSObBvwkova1ioruGI3YpuyfQRa82BhgnU37r4s7-7VPpjkJrHGVihUe3Nna1FPw6WRYLweMvBVB5J2sMWH4vWQucjaIQEta770uscGsgGPGlFa_6EQtOiLeYAfQLYdxhDgm6hpiUL25&amp;__tn__=-]K-R\"><span class=\"xt0psk2\">Coordinadora Feminista 8M<\/span><\/a> de Santiago de Chile, desde donde impuls\u00f3 con muchas otras compa\u00f1eras el proceso de huelgas feministas de 2018-2019 y puso el cuerpo durante el estallido social de 2019 que abri\u00f3 un proceso constituyente in\u00e9dito para todo el continente, por su car\u00e1cter marcadamente popular.<\/div>\n<\/div>\n<div class=\"x11i5rnm xat24cr x1mh8g0r x1vvkbs xtlvy1s x126k92a\">\n<div dir=\"auto\"><\/div>\n<div dir=\"auto\">En 2021, fue elegida para integrar la Convenci\u00f3n Constitucional en calidad de independiente y como parte del pacto Voces Constituyentes.<\/div>\n<\/div>\n<div class=\"x11i5rnm xat24cr x1mh8g0r x1vvkbs xtlvy1s x126k92a\">\n<div dir=\"auto\"><\/div>\n<div dir=\"auto\">Tras el rechazo en urnas al texto constitucional propuesto por la convenci\u00f3n, propone \u201ccalibrar la br\u00fajula\u201d (<a class=\"x1i10hfl xjbqb8w x6umtig x1b1mbwd xaqea5y xav7gou x9f619 x1ypdohk xt0psk2 xe8uvvx xdj266r x11i5rnm xat24cr x1mh8g0r xexx8yu x4uap5 x18d9i69 xkhd6sd x16tdsg8 x1hl2dhg xggy1nq x1a2a7pz xt0b8zv x1fey0fg\" tabindex=\"0\" role=\"link\" href=\"https:\/\/www.revistarosa.cl\/2022\/09\/15\/calibrar-la-brujula\/?fbclid=IwAR3Z5hufdiCAJb7CsDUqW2VoT1EPO0ewoBgG0Eua6Ti56X9FNnLhDPuYRVE\" target=\"_blank\" rel=\"nofollow noopener noreferrer\">https:\/\/www.revistarosa.cl\/2022\/09\/15\/calibrar-la-brujula\/<\/a>).<\/div>\n<\/div>\n<div class=\"x11i5rnm xat24cr x1mh8g0r x1vvkbs xtlvy1s x126k92a\">\n<div dir=\"auto\"><\/div>\n<div dir=\"auto\">El jueves 1 de diciembre, a las 19:00, estar\u00e1 en el Espacio de Encuentros Feministas para desgranar con todas nosotras los aprendizajes del proceso constituyente chileno y de su motor feminista, plurinacional y popular, as\u00ed como para hacer balance de todo lo recorrido.<\/div>\n<\/div>\n<div class=\"x11i5rnm xat24cr x1mh8g0r x1vvkbs xtlvy1s x126k92a\">\n<div dir=\"auto\"><\/div>\n<div dir=\"auto\">Lo har\u00e1 en interlocuci\u00f3n con <a class=\"x1i10hfl xjbqb8w x6umtig x1b1mbwd xaqea5y xav7gou x9f619 x1ypdohk xt0psk2 xe8uvvx xdj266r x11i5rnm xat24cr x1mh8g0r xexx8yu x4uap5 x18d9i69 xkhd6sd x16tdsg8 x1hl2dhg xggy1nq x1a2a7pz xt0b8zv x1qq9wsj xo1l8bm\" tabindex=\"0\" role=\"link\" href=\"https:\/\/www.facebook.com\/haizea.miguelaalvarez?__cft__[0]=AZXuPaIM58Tx-5Mp3VBT2WqYNixDUJZzNNd3vCJELE5pAdawMc3KRzk4ZP3kMc2LSzY6-JE2ZsR1WSObBvwkova1ioruGI3YpuyfQRa82BhgnU37r4s7-7VPpjkJrHGVihUe3Nna1FPw6WRYLweMvBVB5J2sMWH4vWQucjaIQEta770uscGsgGPGlFa_6EQtOiLeYAfQLYdxhDgm6hpiUL25&amp;__tn__=-]K-R\"><span class=\"xt0psk2\">Haizea Miguela Alvarez<\/span><\/a>, integrante de <a class=\"x1i10hfl xjbqb8w x6umtig x1b1mbwd xaqea5y xav7gou x9f619 x1ypdohk xt0psk2 xe8uvvx xdj266r x11i5rnm xat24cr x1mh8g0r xexx8yu x4uap5 x18d9i69 xkhd6sd x16tdsg8 x1hl2dhg xggy1nq x1a2a7pz xt0b8zv x1qq9wsj xo1l8bm\" tabindex=\"0\" role=\"link\" href=\"https:\/\/www.facebook.com\/FeministasEnAccion?__cft__[0]=AZXuPaIM58Tx-5Mp3VBT2WqYNixDUJZzNNd3vCJELE5pAdawMc3KRzk4ZP3kMc2LSzY6-JE2ZsR1WSObBvwkova1ioruGI3YpuyfQRa82BhgnU37r4s7-7VPpjkJrHGVihUe3Nna1FPw6WRYLweMvBVB5J2sMWH4vWQucjaIQEta770uscGsgGPGlFa_6EQtOiLeYAfQLYdxhDgm6hpiUL25&amp;__tn__=-]K-R\"><span class=\"xt0psk2\">Feministas en acci\u00f3n<\/span><\/a> y una de las voces de la huelga feminista en Madrid.<\/div>\n<\/div>\n<div class=\"x11i5rnm xat24cr x1mh8g0r x1vvkbs xtlvy1s x126k92a\">\n<div dir=\"auto\"><\/div>\n<div dir=\"auto\">Agendaos la cita, porque lo merece.<\/div>\n<\/div>\n","protected":false},"excerpt":{"rendered":"<p>En los primeros d\u00edas de diciembre, tendremos la suerte de [&hellip;]<\/p>\n","protected":false},"author":5,"featured_media":1940,"template":"","meta":{"_tribe_events_status":"","_tribe_events_status_reason":"","footnotes":""},"tags":[],"tribe_events_cat":[],"class_list":["post-1939","tribe_events","type-tribe_events","status-publish","has-post-thumbnail","hentry"],"_links":{"self":[{"href":"http:\/\/laboratoria.red\/pt-br\/wp-json\/wp\/v2\/tribe_events\/1939","targetHints":{"allow":["GET"]}}],"collection":[{"href":"http:\/\/laboratoria.red\/pt-br\/wp-json\/wp\/v2\/tribe_events"}],"about":[{"href":"http:\/\/laboratoria.red\/pt-br\/wp-json\/wp\/v2\/types\/tribe_events"}],"author":[{"embeddable":true,"href":"http:\/\/laboratoria.red\/pt-br\/wp-json\/wp\/v2\/users\/5"}],"version-history":[{"count":2,"href":"http:\/\/laboratoria.red\/pt-br\/wp-json\/wp\/v2\/tribe_events\/1939\/revisions"}],"predecessor-version":[{"id":1945,"href":"http:\/\/laboratoria.red\/pt-br\/wp-json\/wp\/v2\/tribe_events\/1939\/revisions\/1945"}],"wp:featuredmedia":[{"embeddable":true,"href":"http:\/\/laboratoria.red\/pt-br\/wp-json\/wp\/v2\/media\/1940"}],"wp:attachment":[{"href":"http:\/\/laboratoria.red\/pt-br\/wp-json\/wp\/v2\/media?parent=1939"}],"wp:term":[{"taxonomy":"post_tag","embeddable":true,"href":"http:\/\/laboratoria.red\/pt-br\/wp-json\/wp\/v2\/tags?post=1939"},{"taxonomy":"tribe_events_cat","embeddable":true,"href":"http:\/\/laboratoria.red\/pt-br\/wp-json\/wp\/v2\/tribe_events_cat?post=1939"}],"curies":[{"name":"wp","href":"https:\/\/api.w.org\/{rel}","templated":true}]}}

<div class="xdj266r x11i5rnm xat24cr x1mh8g0r x1vvkbs x126k92a">
<div dir="auto">En los primeros días de diciembre, tendremos la suerte de contar en Madrid con <a class="x1i10hfl xjbqb8w x6umtig x1b1mbwd xaqea5y xav7gou x9f619 x1ypdohk xt0psk2 xe8uvvx xdj266r x11i5rnm xat24cr x1mh8g0r xexx8yu x4uap5 x18d9i69 xkhd6sd x16tdsg8 x1hl2dhg xggy1nq x1a2a7pz xt0b8zv x1qq9wsj xo1l8bm" tabindex="0" role="link" href="https://www.facebook.com/alcvidal?__cft__[0]=AZXuPaIM58Tx-5Mp3VBT2WqYNixDUJZzNNd3vCJELE5pAdawMc3KRzk4ZP3kMc2LSzY6-JE2ZsR1WSObBvwkova1ioruGI3YpuyfQRa82BhgnU37r4s7-7VPpjkJrHGVihUe3Nna1FPw6WRYLweMvBVB5J2sMWH4vWQucjaIQEta770uscGsgGPGlFa_6EQtOiLeYAfQLYdxhDgm6hpiUL25&amp;__tn__=-]K-R"><span class="xt0psk2">Alondra Carrillo Vidal</span></a>.</div>
</div>
<div class="x11i5rnm xat24cr x1mh8g0r x1vvkbs xtlvy1s x126k92a">
<div dir="auto"></div>
<div dir="auto">Alondra forma parte de esa generación de jóvenes chilenos que se politizó en la llamada “Revolución pingüina”, una movilización masiva que, en 2006, tomó las calles y los centros de secundaria durante meses contra la privatización del sistema educativo.</div>
</div>
<div class="x11i5rnm xat24cr x1mh8g0r x1vvkbs xtlvy1s x126k92a">
<div dir="auto"></div>
<div dir="auto">Es vocera de la <a class="x1i10hfl xjbqb8w x6umtig x1b1mbwd xaqea5y xav7gou x9f619 x1ypdohk xt0psk2 xe8uvvx xdj266r x11i5rnm xat24cr x1mh8g0r xexx8yu x4uap5 x18d9i69 xkhd6sd x16tdsg8 x1hl2dhg xggy1nq x1a2a7pz xt0b8zv x1qq9wsj xo1l8bm" tabindex="0" role="link" href="https://www.facebook.com/coordinadorafeminista8M?__cft__[0]=AZXuPaIM58Tx-5Mp3VBT2WqYNixDUJZzNNd3vCJELE5pAdawMc3KRzk4ZP3kMc2LSzY6-JE2ZsR1WSObBvwkova1ioruGI3YpuyfQRa82BhgnU37r4s7-7VPpjkJrHGVihUe3Nna1FPw6WRYLweMvBVB5J2sMWH4vWQucjaIQEta770uscGsgGPGlFa_6EQtOiLeYAfQLYdxhDgm6hpiUL25&amp;__tn__=-]K-R"><span class="xt0psk2">Coordinadora Feminista 8M</span></a> de Santiago de Chile, desde donde impulsó con muchas otras compañeras el proceso de huelgas feministas de 2018-2019 y puso el cuerpo durante el estallido social de 2019 que abrió un proceso constituyente inédito para todo el continente, por su carácter marcadamente popular.</div>
</div>
<div class="x11i5rnm xat24cr x1mh8g0r x1vvkbs xtlvy1s x126k92a">
<div dir="auto"></div>
<div dir="auto">En 2021, fue elegida para integrar la Convención Constitucional en calidad de independiente y como parte del pacto Voces Constituyentes.</div>
</div>
<div class="x11i5rnm xat24cr x1mh8g0r x1vvkbs xtlvy1s x126k92a">
<div dir="auto"></div>
<div dir="auto">Tras el rechazo en urnas al texto constitucional propuesto por la convención, propone “calibrar la brújula” (<a class="x1i10hfl xjbqb8w x6umtig x1b1mbwd xaqea5y xav7gou x9f619 x1ypdohk xt0psk2 xe8uvvx xdj266r x11i5rnm xat24cr x1mh8g0r xexx8yu x4uap5 x18d9i69 xkhd6sd x16tdsg8 x1hl2dhg xggy1nq x1a2a7pz xt0b8zv x1fey0fg" tabindex="0" role="link" href="https://www.revistarosa.cl/2022/09/15/calibrar-la-brujula/?fbclid=IwAR3Z5hufdiCAJb7CsDUqW2VoT1EPO0ewoBgG0Eua6Ti56X9FNnLhDPuYRVE" target="_blank" rel="nofollow noopener noreferrer">https://www.revistarosa.cl/2022/09/15/calibrar-la-brujula/</a>).</div>
</div>
<div class="x11i5rnm xat24cr x1mh8g0r x1vvkbs xtlvy1s x126k92a">
<div dir="auto"></div>
<div dir="auto">El jueves 1 de diciembre, a las 19:00, estará en el Espacio de Encuentros Feministas para desgranar con todas nosotras los aprendizajes del proceso constituyente chileno y de su motor feminista, plurinacional y popular, así como para hacer balance de todo lo recorrido.</div>
</div>
<div class="x11i5rnm xat24cr x1mh8g0r x1vvkbs xtlvy1s x126k92a">
<div dir="auto"></div>
<div dir="auto">Lo hará en interlocución con <a class="x1i10hfl xjbqb8w x6umtig x1b1mbwd xaqea5y xav7gou x9f619 x1ypdohk xt0psk2 xe8uvvx xdj266r x11i5rnm xat24cr x1mh8g0r xexx8yu x4uap5 x18d9i69 xkhd6sd x16tdsg8 x1hl2dhg xggy1nq x1a2a7pz xt0b8zv x1qq9wsj xo1l8bm" tabindex="0" role="link" href="https://www.facebook.com/haizea.miguelaalvarez?__cft__[0]=AZXuPaIM58Tx-5Mp3VBT2WqYNixDUJZzNNd3vCJELE5pAdawMc3KRzk4ZP3kMc2LSzY6-JE2ZsR1WSObBvwkova1ioruGI3YpuyfQRa82BhgnU37r4s7-7VPpjkJrHGVihUe3Nna1FPw6WRYLweMvBVB5J2sMWH4vWQucjaIQEta770uscGsgGPGlFa_6EQtOiLeYAfQLYdxhDgm6hpiUL25&amp;__tn__=-]K-R"><span class="xt0psk2">Haizea Miguela Alvarez</span></a>, integrante de <a class="x1i10hfl xjbqb8w x6umtig x1b1mbwd xaqea5y xav7gou x9f619 x1ypdohk xt0psk2 xe8uvvx xdj266r x11i5rnm xat24cr x1mh8g0r xexx8yu x4uap5 x18d9i69 xkhd6sd x16tdsg8 x1hl2dhg xggy1nq x1a2a7pz xt0b8zv x1qq9wsj xo1l8bm" tabindex="0" role="link" href="https://www.facebook.com/FeministasEnAccion?__cft__[0]=AZXuPaIM58Tx-5Mp3VBT2WqYNixDUJZzNNd3vCJELE5pAdawMc3KRzk4ZP3kMc2LSzY6-JE2ZsR1WSObBvwkova1ioruGI3YpuyfQRa82BhgnU37r4s7-7VPpjkJrHGVihUe3Nna1FPw6WRYLweMvBVB5J2sMWH4vWQucjaIQEta770uscGsgGPGlFa_6EQtOiLeYAfQLYdxhDgm6hpiUL25&amp;__tn__=-]K-R"><span class="xt0psk2">Feministas en acción</span></a> y una de las voces de la huelga feminista en Madrid.</div>
</div>
<div class="x11i5rnm xat24cr x1mh8g0r x1vvkbs xtlvy1s x126k92a">
<div dir="auto"></div>
<div dir="auto">Agendaos la cita, porque lo merece.</div>
</div>

<p>En los primeros días de diciembre, tendremos la suerte de [&hellip;]</p>
