{"id":1723,"date":"2022-03-14T16:29:55","date_gmt":"2022-03-14T15:29:55","guid":{"rendered":"https:\/\/tallertraficantes.net\/laboratoria\/?post_type=tribe_events&#038;p=1723"},"modified":"2022-11-17T14:36:47","modified_gmt":"2022-11-17T13:36:47","slug":"seminario-permanente-inmovilidad-en-las-americas","status":"publish","type":"tribe_events","link":"http:\/\/laboratoria.red\/pt-br\/actividad\/seminario-permanente-inmovilidad-en-las-americas\/","title":{"rendered":"Seminario permanente: (In)movilidades en las Am\u00e9ricas"},"content":{"rendered":"<h1 class=\"title\">Pr\u00e1cticas de vida y pr\u00e1cticas de muerte en torno a las migraciones, desplazamiento forzado y protecci\u00f3n internacional<\/h1>\n<p>&nbsp;<\/p>\n<p>Desde marzo, <a href=\"https:\/\/129cesargarcia.wixsite.com\/my-site-1\">el seminario permanente<\/a> de la iniciativa hermana <a href=\"https:\/\/www.inmovilidadamericas.org\/el-proyecto\">(In)movilidad en las Am\u00e9ricas<\/a>.<\/p>\n<p>Desde su nodo M\u00e9xico, se proponen dar vida y consolidar un espacio de trabajo y reflexi\u00f3n colectivo para pensar, comprender y contribuir a la transformaci\u00f3n de los escenarios, tramas de actores y relaciones de poder y dominaci\u00f3n en torno a las migraciones y los desplazamientos humanos en el corredor migratorio latinoamericano, siempre en di\u00e1logo con otras latitudes.<\/p>\n<p>Se trata de sentir y pensar desde la academia, desde el trabajo de defensor\u00eda y documentaci\u00f3n period\u00edstica, e incluso desde las pr\u00e1cticas est\u00e9ticas, las migraciones en lo contempor\u00e1neo, los racismos sociales, institucionales, acad\u00e9micos, las pr\u00e1cticas de opresi\u00f3n por razones de g\u00e9nero, raza, clase, edad o nacionalidad en torno a las personas que ejercen la migraci\u00f3n.<\/p>\n<p>Pensamos un seminario donde podamos compartir nuestros referentes te\u00f3ricos y pol\u00edticos, los textos que producimos, las angustias e impotencias que compartimos y donde sentipensemos te\u00f3rica y pol\u00edticamente estrategias concretas de intervenci\u00f3n y acuerpamiento en torno a los procesos de movilidad humana en las zonas donde habitamos. Basamos nuestro di\u00e1logo en la escucha atenta, activa, afectiva y efectiva y que parta de la revisi\u00f3n previa de materiales ya sea textuales o audiovisuales.<\/p>\n<p>Los participantes ser\u00e1n: personas migrantes forzadas, solicitantes de protecci\u00f3n internacional, reconocidas o no como refugiadas y que se encuentren en destino, retorno, deportadas o contin\u00faan en el tr\u00e1nsito; estudiantes de grado y pos grado en temas de migraci\u00f3n, refugio, desplazamiento forzado, exilio, deportaci\u00f3n, retorno; personas investigadoras y acad\u00e9micas especializadas en temas de migraci\u00f3n, refugio, desplazamiento forzado, exilio, deportaci\u00f3n, retorno; defensoras y defensores de derechos humanos de personas migrantes forzadas y periodistas.<\/p>\n<p><span class=\"css-901oao css-16my406 r-poiln3 r-bcqeeo r-qvutc0\"><strong>M\u00e1s info, lecturas previas, etc\u00e9tera:<\/strong> m.zaragoza@deusto.es<\/span><\/p>\n<p>***<\/p>\n<h2>1ra sesi\u00f3n<\/h2>\n<p><img decoding=\"async\" class=\"alignnone size-full wp-image-1846\" src=\"https:\/\/tallertraficantes.net\/laboratoria\/wp-content\/uploads\/2022\/03\/Convocatoria_Maternidades_Migrantes_-JPG-scaled.jpg\" alt=\"\" width=\"2560\" height=\"1402\" srcset=\"http:\/\/laboratoria.red\/wp-content\/uploads\/2022\/03\/Convocatoria_Maternidades_Migrantes_-JPG-200x110.jpg 200w, http:\/\/laboratoria.red\/wp-content\/uploads\/2022\/03\/Convocatoria_Maternidades_Migrantes_-JPG-300x164.jpg 300w, http:\/\/laboratoria.red\/wp-content\/uploads\/2022\/03\/Convocatoria_Maternidades_Migrantes_-JPG-400x219.jpg 400w, http:\/\/laboratoria.red\/wp-content\/uploads\/2022\/03\/Convocatoria_Maternidades_Migrantes_-JPG-600x329.jpg 600w, http:\/\/laboratoria.red\/wp-content\/uploads\/2022\/03\/Convocatoria_Maternidades_Migrantes_-JPG-768x421.jpg 768w, http:\/\/laboratoria.red\/wp-content\/uploads\/2022\/03\/Convocatoria_Maternidades_Migrantes_-JPG-800x438.jpg 800w, http:\/\/laboratoria.red\/wp-content\/uploads\/2022\/03\/Convocatoria_Maternidades_Migrantes_-JPG-1024x561.jpg 1024w, http:\/\/laboratoria.red\/wp-content\/uploads\/2022\/03\/Convocatoria_Maternidades_Migrantes_-JPG-1200x657.jpg 1200w, http:\/\/laboratoria.red\/wp-content\/uploads\/2022\/03\/Convocatoria_Maternidades_Migrantes_-JPG-1536x841.jpg 1536w, http:\/\/laboratoria.red\/wp-content\/uploads\/2022\/03\/Convocatoria_Maternidades_Migrantes_-JPG-scaled.jpg 2560w\" sizes=\"(max-width: 2560px) 100vw, 2560px\" \/><\/p>\n<h2>2nda sesi\u00f3n<\/h2>\n<p><img decoding=\"async\" class=\"alignnone size-full wp-image-1849\" src=\"https:\/\/tallertraficantes.net\/laboratoria\/wp-content\/uploads\/2022\/03\/Convocatoria_InVisibilizacio\u0301n_horizontal-scaled.jpg\" alt=\"\" width=\"2560\" height=\"1402\" srcset=\"http:\/\/laboratoria.red\/wp-content\/uploads\/2022\/03\/Convocatoria_InVisibilizacio\u0301n_horizontal-200x110.jpg 200w, http:\/\/laboratoria.red\/wp-content\/uploads\/2022\/03\/Convocatoria_InVisibilizacio\u0301n_horizontal-300x164.jpg 300w, http:\/\/laboratoria.red\/wp-content\/uploads\/2022\/03\/Convocatoria_InVisibilizacio\u0301n_horizontal-400x219.jpg 400w, http:\/\/laboratoria.red\/wp-content\/uploads\/2022\/03\/Convocatoria_InVisibilizacio\u0301n_horizontal-600x329.jpg 600w, http:\/\/laboratoria.red\/wp-content\/uploads\/2022\/03\/Convocatoria_InVisibilizacio\u0301n_horizontal-768x421.jpg 768w, http:\/\/laboratoria.red\/wp-content\/uploads\/2022\/03\/Convocatoria_InVisibilizacio\u0301n_horizontal-800x438.jpg 800w, http:\/\/laboratoria.red\/wp-content\/uploads\/2022\/03\/Convocatoria_InVisibilizacio\u0301n_horizontal-1024x561.jpg 1024w, http:\/\/laboratoria.red\/wp-content\/uploads\/2022\/03\/Convocatoria_InVisibilizacio\u0301n_horizontal-1200x657.jpg 1200w, http:\/\/laboratoria.red\/wp-content\/uploads\/2022\/03\/Convocatoria_InVisibilizacio\u0301n_horizontal-1536x841.jpg 1536w, http:\/\/laboratoria.red\/wp-content\/uploads\/2022\/03\/Convocatoria_InVisibilizacio\u0301n_horizontal-scaled.jpg 2560w\" sizes=\"(max-width: 2560px) 100vw, 2560px\" \/><\/p>\n<h2>3ra sesi\u00f3n<\/h2>\n<p><img decoding=\"async\" class=\"alignnone size-full wp-image-1866\" src=\"https:\/\/tallertraficantes.net\/laboratoria\/wp-content\/uploads\/2022\/03\/Convocatoria_InVisibilizacio\u0301n_horizontal_01_01_page-0001.jpg\" alt=\"\" width=\"2481\" height=\"1359\" srcset=\"http:\/\/laboratoria.red\/wp-content\/uploads\/2022\/03\/Convocatoria_InVisibilizacio\u0301n_horizontal_01_01_page-0001-200x110.jpg 200w, http:\/\/laboratoria.red\/wp-content\/uploads\/2022\/03\/Convocatoria_InVisibilizacio\u0301n_horizontal_01_01_page-0001-300x164.jpg 300w, http:\/\/laboratoria.red\/wp-content\/uploads\/2022\/03\/Convocatoria_InVisibilizacio\u0301n_horizontal_01_01_page-0001-400x219.jpg 400w, http:\/\/laboratoria.red\/wp-content\/uploads\/2022\/03\/Convocatoria_InVisibilizacio\u0301n_horizontal_01_01_page-0001-600x329.jpg 600w, http:\/\/laboratoria.red\/wp-content\/uploads\/2022\/03\/Convocatoria_InVisibilizacio\u0301n_horizontal_01_01_page-0001-768x421.jpg 768w, http:\/\/laboratoria.red\/wp-content\/uploads\/2022\/03\/Convocatoria_InVisibilizacio\u0301n_horizontal_01_01_page-0001-800x438.jpg 800w, http:\/\/laboratoria.red\/wp-content\/uploads\/2022\/03\/Convocatoria_InVisibilizacio\u0301n_horizontal_01_01_page-0001-1024x561.jpg 1024w, http:\/\/laboratoria.red\/wp-content\/uploads\/2022\/03\/Convocatoria_InVisibilizacio\u0301n_horizontal_01_01_page-0001-1200x657.jpg 1200w, http:\/\/laboratoria.red\/wp-content\/uploads\/2022\/03\/Convocatoria_InVisibilizacio\u0301n_horizontal_01_01_page-0001-1536x841.jpg 1536w, http:\/\/laboratoria.red\/wp-content\/uploads\/2022\/03\/Convocatoria_InVisibilizacio\u0301n_horizontal_01_01_page-0001.jpg 2481w\" sizes=\"(max-width: 2481px) 100vw, 2481px\" \/><\/p>\n<p><strong>Todas las sesiones en estos horarios:<\/strong><\/p>\n<p><span class=\"css-901oao css-16my406 r-poiln3 r-bcqeeo r-qvutc0\">CDMX 10:00 <\/span><\/p>\n<p><span class=\"css-901oao css-16my406 r-poiln3 r-bcqeeo r-qvutc0\">Quito y NY 11:00 <\/span><\/p>\n<p><span class=\"css-901oao css-16my406 r-poiln3 r-bcqeeo r-qvutc0\">BsAs y Porto Alegre 13:00 <\/span><\/p>\n<p><span class=\"css-901oao css-16my406 r-poiln3 r-bcqeeo r-qvutc0\">Madrid 17:00. <\/span><\/p>\n","protected":false},"excerpt":{"rendered":"<p>En el marco de los trabajos de investigaci\u00f3n, reflexi\u00f3n, investigaci\u00f3n acci\u00f3n participante y de investigaci\u00f3n para la incidencia, el nodo M\u00e9xico de (In)movilidades en las Am\u00e9ricas se propone dar vida y consolidar un espacio de trabajo y reflexi\u00f3n colectivo para pensar, comprender y contribuir a la transformaci\u00f3n de los escenarios, tramas de actores y relaciones de poder y dominaci\u00f3n en torno a las migraciones y los desplazamientos humanos en el corredor migratorio latinoamericano, siempre en di\u00e1logo con otras latitudes.<\/p>\n","protected":false},"author":5,"featured_media":1739,"template":"","meta":{"_tribe_events_status":"","_tribe_events_status_reason":"","footnotes":""},"tags":[],"tribe_events_cat":[],"class_list":["post-1723","tribe_events","type-tribe_events","status-publish","has-post-thumbnail","hentry"],"_links":{"self":[{"href":"http:\/\/laboratoria.red\/pt-br\/wp-json\/wp\/v2\/tribe_events\/1723","targetHints":{"allow":["GET"]}}],"collection":[{"href":"http:\/\/laboratoria.red\/pt-br\/wp-json\/wp\/v2\/tribe_events"}],"about":[{"href":"http:\/\/laboratoria.red\/pt-br\/wp-json\/wp\/v2\/types\/tribe_events"}],"author":[{"embeddable":true,"href":"http:\/\/laboratoria.red\/pt-br\/wp-json\/wp\/v2\/users\/5"}],"version-history":[{"count":10,"href":"http:\/\/laboratoria.red\/pt-br\/wp-json\/wp\/v2\/tribe_events\/1723\/revisions"}],"predecessor-version":[{"id":1869,"href":"http:\/\/laboratoria.red\/pt-br\/wp-json\/wp\/v2\/tribe_events\/1723\/revisions\/1869"}],"wp:featuredmedia":[{"embeddable":true,"href":"http:\/\/laboratoria.red\/pt-br\/wp-json\/wp\/v2\/media\/1739"}],"wp:attachment":[{"href":"http:\/\/laboratoria.red\/pt-br\/wp-json\/wp\/v2\/media?parent=1723"}],"wp:term":[{"taxonomy":"post_tag","embeddable":true,"href":"http:\/\/laboratoria.red\/pt-br\/wp-json\/wp\/v2\/tags?post=1723"},{"taxonomy":"tribe_events_cat","embeddable":true,"href":"http:\/\/laboratoria.red\/pt-br\/wp-json\/wp\/v2\/tribe_events_cat?post=1723"}],"curies":[{"name":"wp","href":"https:\/\/api.w.org\/{rel}","templated":true}]}}

Seminario permanente: (In)movilidades en las Américas

<h1 class="title">Prácticas de vida y prácticas de muerte en torno a las migraciones, desplazamiento forzado y protección internacional</h1>
<p>&nbsp;</p>
<p>Desde marzo, <a href="https://129cesargarcia.wixsite.com/my-site-1">el seminario permanente</a> de la iniciativa hermana <a href="https://www.inmovilidadamericas.org/el-proyecto">(In)movilidad en las Américas</a>.</p>
<p>Desde su nodo México, se proponen dar vida y consolidar un espacio de trabajo y reflexión colectivo para pensar, comprender y contribuir a la transformación de los escenarios, tramas de actores y relaciones de poder y dominación en torno a las migraciones y los desplazamientos humanos en el corredor migratorio latinoamericano, siempre en diálogo con otras latitudes.</p>
<p>Se trata de sentir y pensar desde la academia, desde el trabajo de defensoría y documentación periodística, e incluso desde las prácticas estéticas, las migraciones en lo contemporáneo, los racismos sociales, institucionales, académicos, las prácticas de opresión por razones de género, raza, clase, edad o nacionalidad en torno a las personas que ejercen la migración.</p>
<p>Pensamos un seminario donde podamos compartir nuestros referentes teóricos y políticos, los textos que producimos, las angustias e impotencias que compartimos y donde sentipensemos teórica y políticamente estrategias concretas de intervención y acuerpamiento en torno a los procesos de movilidad humana en las zonas donde habitamos. Basamos nuestro diálogo en la escucha atenta, activa, afectiva y efectiva y que parta de la revisión previa de materiales ya sea textuales o audiovisuales.</p>
<p>Los participantes serán: personas migrantes forzadas, solicitantes de protección internacional, reconocidas o no como refugiadas y que se encuentren en destino, retorno, deportadas o continúan en el tránsito; estudiantes de grado y pos grado en temas de migración, refugio, desplazamiento forzado, exilio, deportación, retorno; personas investigadoras y académicas especializadas en temas de migración, refugio, desplazamiento forzado, exilio, deportación, retorno; defensoras y defensores de derechos humanos de personas migrantes forzadas y periodistas.</p>
<p><span class="css-901oao css-16my406 r-poiln3 r-bcqeeo r-qvutc0"><strong>Más info, lecturas previas, etcétera:</strong> m.zaragoza@deusto.es</span></p>
<p>***</p>
<h2>1ra sesión</h2>
<p><img decoding="async" class="alignnone size-full wp-image-1846" src="https://tallertraficantes.net/laboratoria/wp-content/uploads/2022/03/Convocatoria_Maternidades_Migrantes_-JPG-scaled.jpg" alt="" width="2560" height="1402" srcset="http://laboratoria.red/wp-content/uploads/2022/03/Convocatoria_Maternidades_Migrantes_-JPG-200x110.jpg 200w, http://laboratoria.red/wp-content/uploads/2022/03/Convocatoria_Maternidades_Migrantes_-JPG-300x164.jpg 300w, http://laboratoria.red/wp-content/uploads/2022/03/Convocatoria_Maternidades_Migrantes_-JPG-400x219.jpg 400w, http://laboratoria.red/wp-content/uploads/2022/03/Convocatoria_Maternidades_Migrantes_-JPG-600x329.jpg 600w, http://laboratoria.red/wp-content/uploads/2022/03/Convocatoria_Maternidades_Migrantes_-JPG-768x421.jpg 768w, http://laboratoria.red/wp-content/uploads/2022/03/Convocatoria_Maternidades_Migrantes_-JPG-800x438.jpg 800w, http://laboratoria.red/wp-content/uploads/2022/03/Convocatoria_Maternidades_Migrantes_-JPG-1024x561.jpg 1024w, http://laboratoria.red/wp-content/uploads/2022/03/Convocatoria_Maternidades_Migrantes_-JPG-1200x657.jpg 1200w, http://laboratoria.red/wp-content/uploads/2022/03/Convocatoria_Maternidades_Migrantes_-JPG-1536x841.jpg 1536w, http://laboratoria.red/wp-content/uploads/2022/03/Convocatoria_Maternidades_Migrantes_-JPG-scaled.jpg 2560w" sizes="(max-width: 2560px) 100vw, 2560px" /></p>
<h2>2nda sesión</h2>
<p><img decoding="async" class="alignnone size-full wp-image-1849" src="https://tallertraficantes.net/laboratoria/wp-content/uploads/2022/03/Convocatoria_InVisibilización_horizontal-scaled.jpg" alt="" width="2560" height="1402" srcset="http://laboratoria.red/wp-content/uploads/2022/03/Convocatoria_InVisibilización_horizontal-200x110.jpg 200w, http://laboratoria.red/wp-content/uploads/2022/03/Convocatoria_InVisibilización_horizontal-300x164.jpg 300w, http://laboratoria.red/wp-content/uploads/2022/03/Convocatoria_InVisibilización_horizontal-400x219.jpg 400w, http://laboratoria.red/wp-content/uploads/2022/03/Convocatoria_InVisibilización_horizontal-600x329.jpg 600w, http://laboratoria.red/wp-content/uploads/2022/03/Convocatoria_InVisibilización_horizontal-768x421.jpg 768w, http://laboratoria.red/wp-content/uploads/2022/03/Convocatoria_InVisibilización_horizontal-800x438.jpg 800w, http://laboratoria.red/wp-content/uploads/2022/03/Convocatoria_InVisibilización_horizontal-1024x561.jpg 1024w, http://laboratoria.red/wp-content/uploads/2022/03/Convocatoria_InVisibilización_horizontal-1200x657.jpg 1200w, http://laboratoria.red/wp-content/uploads/2022/03/Convocatoria_InVisibilización_horizontal-1536x841.jpg 1536w, http://laboratoria.red/wp-content/uploads/2022/03/Convocatoria_InVisibilización_horizontal-scaled.jpg 2560w" sizes="(max-width: 2560px) 100vw, 2560px" /></p>
<h2>3ra sesión</h2>
<p><img decoding="async" class="alignnone size-full wp-image-1866" src="https://tallertraficantes.net/laboratoria/wp-content/uploads/2022/03/Convocatoria_InVisibilización_horizontal_01_01_page-0001.jpg" alt="" width="2481" height="1359" srcset="http://laboratoria.red/wp-content/uploads/2022/03/Convocatoria_InVisibilización_horizontal_01_01_page-0001-200x110.jpg 200w, http://laboratoria.red/wp-content/uploads/2022/03/Convocatoria_InVisibilización_horizontal_01_01_page-0001-300x164.jpg 300w, http://laboratoria.red/wp-content/uploads/2022/03/Convocatoria_InVisibilización_horizontal_01_01_page-0001-400x219.jpg 400w, http://laboratoria.red/wp-content/uploads/2022/03/Convocatoria_InVisibilización_horizontal_01_01_page-0001-600x329.jpg 600w, http://laboratoria.red/wp-content/uploads/2022/03/Convocatoria_InVisibilización_horizontal_01_01_page-0001-768x421.jpg 768w, http://laboratoria.red/wp-content/uploads/2022/03/Convocatoria_InVisibilización_horizontal_01_01_page-0001-800x438.jpg 800w, http://laboratoria.red/wp-content/uploads/2022/03/Convocatoria_InVisibilización_horizontal_01_01_page-0001-1024x561.jpg 1024w, http://laboratoria.red/wp-content/uploads/2022/03/Convocatoria_InVisibilización_horizontal_01_01_page-0001-1200x657.jpg 1200w, http://laboratoria.red/wp-content/uploads/2022/03/Convocatoria_InVisibilización_horizontal_01_01_page-0001-1536x841.jpg 1536w, http://laboratoria.red/wp-content/uploads/2022/03/Convocatoria_InVisibilización_horizontal_01_01_page-0001.jpg 2481w" sizes="(max-width: 2481px) 100vw, 2481px" /></p>
<p><strong>Todas las sesiones en estos horarios:</strong></p>
<p><span class="css-901oao css-16my406 r-poiln3 r-bcqeeo r-qvutc0">CDMX 10:00 </span></p>
<p><span class="css-901oao css-16my406 r-poiln3 r-bcqeeo r-qvutc0">Quito y NY 11:00 </span></p>
<p><span class="css-901oao css-16my406 r-poiln3 r-bcqeeo r-qvutc0">BsAs y Porto Alegre 13:00 </span></p>
<p><span class="css-901oao css-16my406 r-poiln3 r-bcqeeo r-qvutc0">Madrid 17:00. </span></p>

<p>En el marco de los trabajos de investigación, reflexión, investigación acción participante y de investigación para la incidencia, el nodo México de (In)movilidades en las Américas se propone dar vida y consolidar un espacio de trabajo y reflexión colectivo para pensar, comprender y contribuir a la transformación de los escenarios, tramas de actores y relaciones de poder y dominación en torno a las migraciones y los desplazamientos humanos en el corredor migratorio latinoamericano, siempre en diálogo con otras latitudes.</p>
