{"id":1956,"date":"2022-12-23T12:16:50","date_gmt":"2022-12-23T11:16:50","guid":{"rendered":"https:\/\/tallertraficantes.net\/laboratoria\/?post_type=tribe_events&#038;p=1956"},"modified":"2023-01-20T08:49:33","modified_gmt":"2023-01-20T07:49:33","slug":"feminismos-para-cambiarlo-todo","status":"publish","type":"tribe_events","link":"http:\/\/laboratoria.red\/en\/actividad\/feminismos-para-cambiarlo-todo\/","title":{"rendered":"Feminismos para cambiarlo todo"},"content":{"rendered":"<h1><span style=\"color: #e91e63;\">Escuelita de feminismos populares<\/span><\/h1>\n<h2>***plazas agotadas***<\/h2>\n<h2><span style=\"color: #e91e63;\">Informaci\u00f3n pr\u00e1ctica<\/span><\/h2>\n<p><strong>Fechas:<\/strong> S\u00e1bados 11:00-14:00<br \/>\nS\u00e1bado 28 de enero<br \/>\nS\u00e1bado 4, 11, 18 de febrero<br \/>\nS\u00e1bado 4 de marzo<\/p>\n<p><strong>Lugar:<\/strong> Traficantes de sue\u00f1os. C\/ Duque de Alba 13, MADRID<\/p>\n<p><strong>Inscripciones:<\/strong> a trav\u00e9s de este <a href=\"https:\/\/oficina1.commonscloud.coop\/apps\/forms\/mqW4Ref32Nya2oZG\">formulario<\/a><\/p>\n<p><strong>M\u00e1s informaci\u00f3n:<\/strong> lalaboratoria@commonscloud.coop<\/p>\n<p>&nbsp;<\/p>\n<h2><span style=\"color: #e91e63;\">Presentaci\u00f3n<\/span><\/h2>\n<p>Os presentamos la Escuelita de Feminismos Populares: \u201cFeminismos para cambiarlo todo\u201d.<br \/>\nQueremos dar continuidad al trabajo de formaci\u00f3n colectiva feminista a partir de las pr\u00e1cticas organizativas del contexto actual protagonizadas por mujeres y disidencias. Nuestros puntos de partida son las Jornadas sobre Feminismo Sindicalista (2020 y 2022) y los aprendizajes colectivos de nuestras luchas cotidianas.<\/p>\n<p>Creemos que es importante dotarnos del tiempo para compartir y poner en com\u00fan reflexi\u00f3n y pr\u00e1ctica feminista transformadora que conecte las m\u00faltiples opresiones que nos atraviesan. Tambi\u00e9n para generar espacios que nos permitan conocer los procesos y las experiencias organizativas que existen. Y as\u00ed, seguir cruzando luchas.<\/p>\n<p>En definitiva, esta escuelita quiere contribuir a la construcci\u00f3n de unos feminismos desde el debate, la reflexi\u00f3n y la pr\u00e1ctica para cambiarlo todo. Como dicen nuestras compa\u00f1eras de \u201cMujeres de Frente\u201d, es nuestra manera de concretar la decisi\u00f3n colectiva de devolvernos, entre todas y para todas, el derecho a leer, escribir y entender el mundo juntas.<\/p>\n<p>&nbsp;<\/p>\n<h2><span style=\"color: #e91e63;\">Modo de trabajo<\/span><\/h2>\n<p>Partimos de que un <strong>texto<\/strong> siempre tiene que ser le\u00eddo en su contexto, desde d\u00f3nde, qui\u00e9nes y por qu\u00e9 lo escriben. Partimos tambi\u00e9n de que los mejores textos son los que escribimos desde el cuerpo y es ah\u00ed a donde llegan; nos atraviesan, nos interpelan y nos plantean cuestiones que bien podemos llevar mucho tiempo reflexionando o que nos llegan de nuevas, pero provoc\u00e1ndonos sensaciones.<\/p>\n<p>Adem\u00e1s de esto, sabemos que en los mismos textos pueden encontrarse <strong>conceptos te\u00f3ricos<\/strong> que de entrada nos parezcan desconocidos o que no estemos familiarizadas con ellos. Por eso, las sesiones combinar\u00e1n exposiciones te\u00f3ricas breves que nos sirvan para comprender mejor los textos seleccionados previamente. Esta exposici\u00f3n te\u00f3rica nos ayudar\u00e1 a facilitar el di\u00e1logo, el debate y la reflexi\u00f3n colectiva, para que, aunque todas partamos de lugares distintos, juntas lleguemos a lugares compartidos. Nos acercaremos a la teor\u00eda desde la pr\u00e1ctica para la construcci\u00f3n colectiva de conocimiento cr\u00edtico situado y enmarcado en una perspectiva transfeminista, disidente y decolonial.<\/p>\n<p>La <strong>facilitaci\u00f3n<\/strong> de las sesiones se orientar\u00e1 para que los saberes pasen de mano en mano a partir de las experiencias de lucha y de organizaci\u00f3n de las presentes.<\/p>\n<p><strong>Proyecto de investigaci\u00f3n feminista<\/strong>. Recogiendo los principios de la investigaci\u00f3n feminista situada, desde una mirada interseccional, se propondr\u00e1 a las personas participantes un peque\u00f1o proyecto de investigaci\u00f3n desarrollado a partir de sus intereses, vivencias y luchas. Se les animar\u00e1 a identificar l\u00edmites y alianzas en las propias experiencias y a practicar la escritura pol\u00edtica sobre los procesos colectivos en los que se est\u00e1 inmersa.<\/p>\n<p>&nbsp;<\/p>\n<h2><span style=\"color: #e91e63;\">Las sesiones<\/span><\/h2>\n<p><strong>SESI\u00d3N 1. Feminismos populares y sindicalistas<\/strong><\/p>\n<p>&#8220;Para organizarnos nos hemos tenido que sostener&#8221;, escrib\u00edan las compa\u00f1eras de Territorio Dom\u00e9stico al hablar de su manera de luchar. Los feminismos populares siempre han tenido que inventar formas de sost\u00e9n de las vidas como manera de sostener las luchas. Por el camino, han creado nuevas formas de estar juntas que alumbran los mundos por los que peleamos, las vidas que merecen la alegr\u00eda de ser vividas.<\/p>\n<p>De manera parecida, la huelga feminista coloc\u00f3 las herramientas sindicales por fuera de la f\u00e1brica para imaginar una forma de interrupci\u00f3n del orden patriarcal all\u00ed donde las mujeres y las sexodisidencias generan riqueza: en las calles, las camas y las casas.<\/p>\n<p>En esta sesi\u00f3n leeremos juntas textos de Pastora Filigrana, Ver\u00f3nica Gago y Luci Cavallero y pensaremos los cruces entre organizaciones populares, luchas feministas y sindicalismos callejeros.<\/p>\n<p><strong>SESI\u00d3N 2. Extractivismos contra la vida<\/strong><\/p>\n<p>Lo que se llama progreso es un mecanismo que devasta territorios y formas de vida. La acumulaci\u00f3n de riqueza nunca se produjo solo mediante la explotaci\u00f3n de trabajo humano en las f\u00e1bricas, sino que siempre se sirvi\u00f3 de la extracci\u00f3n y del despojo, rompiendo ecosistemas animales y humanos. Las din\u00e1micas extractivas han saqueado hist\u00f3ricamente el Tercer Mundo, pero ahora ganan centralidad tambi\u00e9n en el coraz\u00f3n de la econom\u00eda-mundo. A medida que el sur de Europa se convierte en la huerta de los pa\u00edses del norte, seg\u00fan un modelo agroindustrial intensivo con especializaci\u00f3n de cultivos por regiones, la explotaci\u00f3n de la tierra y de las personas se intensifica, desertificando territorios, cuerpos y almas.<\/p>\n<p>En esta sesi\u00f3n leeremos juntas textos de Ana Pinto, de Jornaleras de Huelva en Lucha, y de Nazaret Castro, de Carro de Combate y pensaremos en t\u00e9rminos como econom\u00eda de enclave, extractivismo, zonas de sacrificio, cuerpo-territorio.<\/p>\n<p><strong>SESI\u00d3N 3. Todas uberizadas<\/strong><\/p>\n<p>El modelo de la uberizaci\u00f3n se ha impuesto silenciosamente, ocupando cada vez m\u00e1s sectores, sin que nos demos cuenta de ello. El algoritmo tapa la realidad de explotaci\u00f3n: no somos trabajadoras, sino riders aut\u00f3nomas, no nos despiden, sino que nos desconectan. Las grandes corporaciones buscan todos los vac\u00edos legales y se agarran a la satisfacci\u00f3n del deseo inmediato para enriquecerse, mientras todas pedaleamos sin descanso a un ritmo cada vez m\u00e1s fren\u00e9tico.<\/p>\n<p>En esta sesi\u00f3n leeremos y escucharemos la voz de Nuria Soto, de ridersxderechos, y de otras trabajadoras de la econom\u00eda de plataformas para pensar la uberizaci\u00f3n de la vida y sus costes en nuestro cotidiano.<\/p>\n<p><strong>SESI\u00d3N 4. Violencia patriarcal, desigualdad y autodefensa<\/strong><\/p>\n<p>Seg\u00fan feminicidio.net, el 2022 fueron 88 mujeres las asesinadas por violencia machista en el Estado espa\u00f1ol, lo cual no es sino la punta del iceberg de una violencia dirigida a controlar a las mujeres y que se entrelaza con otras violencias materiales y simb\u00f3licas. Sin embargo, se nos insta a separar la violencia patriarcal de otras formas de violencia y a delegar nuestra protecci\u00f3n en una instancia superior, perdiendo as\u00ed los saberes mismos del cuidado de nosotras mismas y entre nosotras para sobrevivir.<\/p>\n<p>Elsa Dorlin explica en su libro \u201cAutodefensa\u201d c\u00f3mo el derecho a la leg\u00edtima defensa qued\u00f3 reservado a una minor\u00eda privilegiada, mientras que se desarmaba y criminalizaba a las clases populares, las poblaciones colonizadas y esclavizadas, muchas veces en aras de la protecci\u00f3n a las mujeres, previamente convertidas en propiedad indefensa de los varones con privilegio. Desde ah\u00ed nos insta a reinventar un feminismo que no tenga nada que ver con la discursividad, con pedir m\u00e1s leyes o m\u00e1s protecci\u00f3n al Estado: se trata, en sus palabras, de regresar \u201cm\u00e1s ac\u00e1 del discurso, a una experiencia vivida de la violencia que est\u00e1 en el fondo de nuestras tripas\u201d.<\/p>\n<p>En esta sesi\u00f3n, leeremos algunos de sus textos, junto con fragmentos donde mujeres de la Plataforma de Afectadxs por la Hipoteca nos explican c\u00f3mo en su vida violencia machista y violencia inmobiliaria han ido de la mano.<\/p>\n<p><strong>SESI\u00d3N 5. Biosindicalismos desde los territorios<\/strong><\/p>\n<p>Las mujeres de PAH Vallekas comenzaron a organizarse all\u00e1 en 2016, construyendo un espacio en el que su lucha por la vivienda digna se fue entrelazando con la lucha en contra de todas las desigualdades sufridas por ser mujeres, porque el impacto del orden patriarcal en sus vidas es tan tangible como el de las violencias financieras e inmobiliarias; as\u00ed, la lucha contra los bancos se articul\u00f3 al mismo tiempo que la lucha contra el patriarcado. Por su parte, Territorio Dom\u00e9stico naci\u00f3 como espacio de encuentro y autodefensa por los derechos de las trabajadoras de hogar en 2006. Desde el principio combin\u00f3 la reivindicaci\u00f3n de mejores derechos en el sector con una reflexi\u00f3n y una pr\u00e1ctica desde los cuidados globalizados, atravesados por migraciones, desigualdades y encierro e invisibilizaci\u00f3n.<\/p>\n<p>Las reivindicaciones de ambos grupos desbordan los reclamos tradicionales sobre el derecho a la vivienda o los derechos laborales. La demanda se ampl\u00eda y pone en el centro que tanto los derechos humanos, como los sociales, econ\u00f3micos, laborales y pol\u00edticos deben elaborarse a partir de las necesidades de las de abajo. Unas necesidades concretas y no abstractas, arraigadas en los barrios y entre las vecinas, pero tambi\u00e9n vividas desde el cuerpo como territorio.<\/p>\n<p>En esta sesi\u00f3n leeremos fragmentos del cuaderno de trabajo \u201cHasta que caiga el patriarcado y no haya ni un desahucio m\u00e1s. Deuda, vivienda y violencia patriarcal\u201d, un telar narrativo en el que 8 activistas de la PAH hablan de sus experiencias vitales como integrantes del movimiento por la vivienda y c\u00f3mo las vivencias colectivas han transformado sus realidades como mujeres, como migrantes y como feministas de base. Leeremos tambi\u00e9n fragmentos de \u201cBiosindicalismo desde los Territorios Dom\u00e9sticos\u201d, escrito a ocho manos y muchas voces desde Territorio Dom\u00e9stico.<\/p>\n<h4><span style=\"color: #e91e63;\">\u00bfQuieres saber m\u00e1s?<\/span><\/h4>\n<p>Escribe a <a href=\"mailto:lalaboratoria@commonscloud.coop\">lalaboratoria@commonscloud.coop<\/a><\/p>\n<h4><span style=\"color: #e91e63;\">\u00bfQuieres apuntarte?<\/span><\/h4>\n<p>La actividad no tiene coste para las participantes. ***Plazas agotadas***<\/p>\n","protected":false},"excerpt":{"rendered":"<p>Escuelita de feminismos populares ***plazas agotadas*** Informaci\u00f3n pr\u00e1ctica Fechas: S\u00e1bados [&hellip;]<\/p>\n","protected":false},"author":5,"featured_media":1960,"template":"","meta":{"_tribe_events_status":"","_tribe_events_status_reason":"","footnotes":""},"tags":[],"tribe_events_cat":[23],"class_list":["post-1956","tribe_events","type-tribe_events","status-publish","has-post-thumbnail","hentry","tribe_events_cat-proximos-eventos","cat_proximos-eventos"],"_links":{"self":[{"href":"http:\/\/laboratoria.red\/en\/wp-json\/wp\/v2\/tribe_events\/1956","targetHints":{"allow":["GET"]}}],"collection":[{"href":"http:\/\/laboratoria.red\/en\/wp-json\/wp\/v2\/tribe_events"}],"about":[{"href":"http:\/\/laboratoria.red\/en\/wp-json\/wp\/v2\/types\/tribe_events"}],"author":[{"embeddable":true,"href":"http:\/\/laboratoria.red\/en\/wp-json\/wp\/v2\/users\/5"}],"version-history":[{"count":10,"href":"http:\/\/laboratoria.red\/en\/wp-json\/wp\/v2\/tribe_events\/1956\/revisions"}],"predecessor-version":[{"id":1976,"href":"http:\/\/laboratoria.red\/en\/wp-json\/wp\/v2\/tribe_events\/1956\/revisions\/1976"}],"wp:featuredmedia":[{"embeddable":true,"href":"http:\/\/laboratoria.red\/en\/wp-json\/wp\/v2\/media\/1960"}],"wp:attachment":[{"href":"http:\/\/laboratoria.red\/en\/wp-json\/wp\/v2\/media?parent=1956"}],"wp:term":[{"taxonomy":"post_tag","embeddable":true,"href":"http:\/\/laboratoria.red\/en\/wp-json\/wp\/v2\/tags?post=1956"},{"taxonomy":"tribe_events_cat","embeddable":true,"href":"http:\/\/laboratoria.red\/en\/wp-json\/wp\/v2\/tribe_events_cat?post=1956"}],"curies":[{"name":"wp","href":"https:\/\/api.w.org\/{rel}","templated":true}]}}

<h1><span style="color: #e91e63;">Escuelita de feminismos populares</span></h1>
<h2>***plazas agotadas***</h2>
<h2><span style="color: #e91e63;">Información práctica</span></h2>
<p><strong>Fechas:</strong> Sábados 11:00-14:00<br />
Sábado 28 de enero<br />
Sábado 4, 11, 18 de febrero<br />
Sábado 4 de marzo</p>
<p><strong>Lugar:</strong> Traficantes de sueños. C/ Duque de Alba 13, MADRID</p>
<p><strong>Inscripciones:</strong> a través de este <a href="https://oficina1.commonscloud.coop/apps/forms/mqW4Ref32Nya2oZG">formulario</a></p>
<p><strong>Más información:</strong> lalaboratoria@commonscloud.coop</p>
<p>&nbsp;</p>
<h2><span style="color: #e91e63;">Presentación</span></h2>
<p>Os presentamos la Escuelita de Feminismos Populares: “Feminismos para cambiarlo todo”.<br />
Queremos dar continuidad al trabajo de formación colectiva feminista a partir de las prácticas organizativas del contexto actual protagonizadas por mujeres y disidencias. Nuestros puntos de partida son las Jornadas sobre Feminismo Sindicalista (2020 y 2022) y los aprendizajes colectivos de nuestras luchas cotidianas.</p>
<p>Creemos que es importante dotarnos del tiempo para compartir y poner en común reflexión y práctica feminista transformadora que conecte las múltiples opresiones que nos atraviesan. También para generar espacios que nos permitan conocer los procesos y las experiencias organizativas que existen. Y así, seguir cruzando luchas.</p>
<p>En definitiva, esta escuelita quiere contribuir a la construcción de unos feminismos desde el debate, la reflexión y la práctica para cambiarlo todo. Como dicen nuestras compañeras de “Mujeres de Frente”, es nuestra manera de concretar la decisión colectiva de devolvernos, entre todas y para todas, el derecho a leer, escribir y entender el mundo juntas.</p>
<p>&nbsp;</p>
<h2><span style="color: #e91e63;">Modo de trabajo</span></h2>
<p>Partimos de que un <strong>texto</strong> siempre tiene que ser leído en su contexto, desde dónde, quiénes y por qué lo escriben. Partimos también de que los mejores textos son los que escribimos desde el cuerpo y es ahí a donde llegan; nos atraviesan, nos interpelan y nos plantean cuestiones que bien podemos llevar mucho tiempo reflexionando o que nos llegan de nuevas, pero provocándonos sensaciones.</p>
<p>Además de esto, sabemos que en los mismos textos pueden encontrarse <strong>conceptos teóricos</strong> que de entrada nos parezcan desconocidos o que no estemos familiarizadas con ellos. Por eso, las sesiones combinarán exposiciones teóricas breves que nos sirvan para comprender mejor los textos seleccionados previamente. Esta exposición teórica nos ayudará a facilitar el diálogo, el debate y la reflexión colectiva, para que, aunque todas partamos de lugares distintos, juntas lleguemos a lugares compartidos. Nos acercaremos a la teoría desde la práctica para la construcción colectiva de conocimiento crítico situado y enmarcado en una perspectiva transfeminista, disidente y decolonial.</p>
<p>La <strong>facilitación</strong> de las sesiones se orientará para que los saberes pasen de mano en mano a partir de las experiencias de lucha y de organización de las presentes.</p>
<p><strong>Proyecto de investigación feminista</strong>. Recogiendo los principios de la investigación feminista situada, desde una mirada interseccional, se propondrá a las personas participantes un pequeño proyecto de investigación desarrollado a partir de sus intereses, vivencias y luchas. Se les animará a identificar límites y alianzas en las propias experiencias y a practicar la escritura política sobre los procesos colectivos en los que se está inmersa.</p>
<p>&nbsp;</p>
<h2><span style="color: #e91e63;">Las sesiones</span></h2>
<p><strong>SESIÓN 1. Feminismos populares y sindicalistas</strong></p>
<p>&#8220;Para organizarnos nos hemos tenido que sostener&#8221;, escribían las compañeras de Territorio Doméstico al hablar de su manera de luchar. Los feminismos populares siempre han tenido que inventar formas de sostén de las vidas como manera de sostener las luchas. Por el camino, han creado nuevas formas de estar juntas que alumbran los mundos por los que peleamos, las vidas que merecen la alegría de ser vividas.</p>
<p>De manera parecida, la huelga feminista colocó las herramientas sindicales por fuera de la fábrica para imaginar una forma de interrupción del orden patriarcal allí donde las mujeres y las sexodisidencias generan riqueza: en las calles, las camas y las casas.</p>
<p>En esta sesión leeremos juntas textos de Pastora Filigrana, Verónica Gago y Luci Cavallero y pensaremos los cruces entre organizaciones populares, luchas feministas y sindicalismos callejeros.</p>
<p><strong>SESIÓN 2. Extractivismos contra la vida</strong></p>
<p>Lo que se llama progreso es un mecanismo que devasta territorios y formas de vida. La acumulación de riqueza nunca se produjo solo mediante la explotación de trabajo humano en las fábricas, sino que siempre se sirvió de la extracción y del despojo, rompiendo ecosistemas animales y humanos. Las dinámicas extractivas han saqueado históricamente el Tercer Mundo, pero ahora ganan centralidad también en el corazón de la economía-mundo. A medida que el sur de Europa se convierte en la huerta de los países del norte, según un modelo agroindustrial intensivo con especialización de cultivos por regiones, la explotación de la tierra y de las personas se intensifica, desertificando territorios, cuerpos y almas.</p>
<p>En esta sesión leeremos juntas textos de Ana Pinto, de Jornaleras de Huelva en Lucha, y de Nazaret Castro, de Carro de Combate y pensaremos en términos como economía de enclave, extractivismo, zonas de sacrificio, cuerpo-territorio.</p>
<p><strong>SESIÓN 3. Todas uberizadas</strong></p>
<p>El modelo de la uberización se ha impuesto silenciosamente, ocupando cada vez más sectores, sin que nos demos cuenta de ello. El algoritmo tapa la realidad de explotación: no somos trabajadoras, sino riders autónomas, no nos despiden, sino que nos desconectan. Las grandes corporaciones buscan todos los vacíos legales y se agarran a la satisfacción del deseo inmediato para enriquecerse, mientras todas pedaleamos sin descanso a un ritmo cada vez más frenético.</p>
<p>En esta sesión leeremos y escucharemos la voz de Nuria Soto, de ridersxderechos, y de otras trabajadoras de la economía de plataformas para pensar la uberización de la vida y sus costes en nuestro cotidiano.</p>
<p><strong>SESIÓN 4. Violencia patriarcal, desigualdad y autodefensa</strong></p>
<p>Según feminicidio.net, el 2022 fueron 88 mujeres las asesinadas por violencia machista en el Estado español, lo cual no es sino la punta del iceberg de una violencia dirigida a controlar a las mujeres y que se entrelaza con otras violencias materiales y simbólicas. Sin embargo, se nos insta a separar la violencia patriarcal de otras formas de violencia y a delegar nuestra protección en una instancia superior, perdiendo así los saberes mismos del cuidado de nosotras mismas y entre nosotras para sobrevivir.</p>
<p>Elsa Dorlin explica en su libro “Autodefensa” cómo el derecho a la legítima defensa quedó reservado a una minoría privilegiada, mientras que se desarmaba y criminalizaba a las clases populares, las poblaciones colonizadas y esclavizadas, muchas veces en aras de la protección a las mujeres, previamente convertidas en propiedad indefensa de los varones con privilegio. Desde ahí nos insta a reinventar un feminismo que no tenga nada que ver con la discursividad, con pedir más leyes o más protección al Estado: se trata, en sus palabras, de regresar “más acá del discurso, a una experiencia vivida de la violencia que está en el fondo de nuestras tripas”.</p>
<p>En esta sesión, leeremos algunos de sus textos, junto con fragmentos donde mujeres de la Plataforma de Afectadxs por la Hipoteca nos explican cómo en su vida violencia machista y violencia inmobiliaria han ido de la mano.</p>
<p><strong>SESIÓN 5. Biosindicalismos desde los territorios</strong></p>
<p>Las mujeres de PAH Vallekas comenzaron a organizarse allá en 2016, construyendo un espacio en el que su lucha por la vivienda digna se fue entrelazando con la lucha en contra de todas las desigualdades sufridas por ser mujeres, porque el impacto del orden patriarcal en sus vidas es tan tangible como el de las violencias financieras e inmobiliarias; así, la lucha contra los bancos se articuló al mismo tiempo que la lucha contra el patriarcado. Por su parte, Territorio Doméstico nació como espacio de encuentro y autodefensa por los derechos de las trabajadoras de hogar en 2006. Desde el principio combinó la reivindicación de mejores derechos en el sector con una reflexión y una práctica desde los cuidados globalizados, atravesados por migraciones, desigualdades y encierro e invisibilización.</p>
<p>Las reivindicaciones de ambos grupos desbordan los reclamos tradicionales sobre el derecho a la vivienda o los derechos laborales. La demanda se amplía y pone en el centro que tanto los derechos humanos, como los sociales, económicos, laborales y políticos deben elaborarse a partir de las necesidades de las de abajo. Unas necesidades concretas y no abstractas, arraigadas en los barrios y entre las vecinas, pero también vividas desde el cuerpo como territorio.</p>
<p>En esta sesión leeremos fragmentos del cuaderno de trabajo “Hasta que caiga el patriarcado y no haya ni un desahucio más. Deuda, vivienda y violencia patriarcal”, un telar narrativo en el que 8 activistas de la PAH hablan de sus experiencias vitales como integrantes del movimiento por la vivienda y cómo las vivencias colectivas han transformado sus realidades como mujeres, como migrantes y como feministas de base. Leeremos también fragmentos de “Biosindicalismo desde los Territorios Domésticos”, escrito a ocho manos y muchas voces desde Territorio Doméstico.</p>
<h4><span style="color: #e91e63;">¿Quieres saber más?</span></h4>
<p>Escribe a <a href="mailto:lalaboratoria@commonscloud.coop">lalaboratoria@commonscloud.coop</a></p>
<h4><span style="color: #e91e63;">¿Quieres apuntarte?</span></h4>
<p>La actividad no tiene coste para las participantes. ***Plazas agotadas***</p>

<p>Escuelita de feminismos populares ***plazas agotadas*** Información práctica Fechas: Sábados [&hellip;]</p>
